{"id":9962,"date":"2025-08-03T12:06:25","date_gmt":"2025-08-03T12:06:25","guid":{"rendered":"https:\/\/aramiso-test.verteco.app\/?product=sifon-umyvadla-l-01-l-zn-d60-22mm-130x150mm"},"modified":"2025-08-03T12:06:32","modified_gmt":"2025-08-03T12:06:32","slug":"sifon-umyvadla-l-01-l-zn-d60-22mm-130x150mm","status":"publish","type":"product","link":"https:\/\/aramiso-test.verteco.app\/?product=sifon-umyvadla-l-01-l-zn-d60-22mm-130x150mm","title":{"rendered":"Sif\u00f3n um\u00fdvadla L\/01-L-Zn D60\/22mm, 130x150mm"},"content":{"rendered":"<p>Protiz\u00e1pachov\u00e1 krytka, sif\u00f3n, gumov\u00e9 tesnenie. Iba k um\u00fdvadlu L\/01-L. Priemer krytky 60mm, v\u00fd\u0161ka krytky 13mm, priemer tr\u00fabky 22mm. Povrchova \u00faprava: biel\u00fd zinok.<\/p>\n","protected":false},"excerpt":{"rendered":"<p>Materi\u00e1l: Liatina<\/p>\n","protected":false},"featured_media":0,"comment_status":"closed","ping_status":"open","template":"","meta":[],"product_brand":[],"product_cat":[15],"product_tag":[],"class_list":{"0":"post-9962","1":"product","2":"type-product","3":"status-publish","5":"product_cat-uncategorized","7":"first","8":"onbackorder","9":"sale","10":"purchasable","11":"product-type-simple"},"_links":{"self":[{"href":"https:\/\/aramiso-test.verteco.app\/index.php?rest_route=\/wp\/v2\/product\/9962","targetHints":{"allow":["GET"]}}],"collection":[{"href":"https:\/\/aramiso-test.verteco.app\/index.php?rest_route=\/wp\/v2\/product"}],"about":[{"href":"https:\/\/aramiso-test.verteco.app\/index.php?rest_route=\/wp\/v2\/types\/product"}],"replies":[{"embeddable":true,"href":"https:\/\/aramiso-test.verteco.app\/index.php?rest_route=%2Fwp%2Fv2%2Fcomments&post=9962"}],"wp:attachment":[{"href":"https:\/\/aramiso-test.verteco.app\/index.php?rest_route=%2Fwp%2Fv2%2Fmedia&parent=9962"}],"wp:term":[{"taxonomy":"product_brand","embeddable":true,"href":"https:\/\/aramiso-test.verteco.app\/index.php?rest_route=%2Fwp%2Fv2%2Fproduct_brand&post=9962"},{"taxonomy":"product_cat","embeddable":true,"href":"https:\/\/aramiso-test.verteco.app\/index.php?rest_route=%2Fwp%2Fv2%2Fproduct_cat&post=9962"},{"taxonomy":"product_tag","embeddable":true,"href":"https:\/\/aramiso-test.verteco.app\/index.php?rest_route=%2Fwp%2Fv2%2Fproduct_tag&post=9962"}],"curies":[{"name":"wp","href":"https:\/\/api.w.org\/{rel}","templated":true}]}}