{"id":9959,"date":"2025-10-26T12:22:28","date_gmt":"2025-10-26T12:22:28","guid":{"rendered":"https:\/\/aramiso-test.verteco.app\/?product=vanicka-umyvadla-l-45-465x240x320mm-cierna-liatinova"},"modified":"2025-10-26T12:22:29","modified_gmt":"2025-10-26T12:22:29","slug":"vanicka-umyvadla-l-45-465x240x320mm-cierna-liatinova","status":"publish","type":"product","link":"https:\/\/aramiso-test.verteco.app\/?product=vanicka-umyvadla-l-45-465x240x320mm-cierna-liatinova","title":{"rendered":"Vani\u010dka um\u00fdvadla L\/45 465x240x320mm, \u010dierna, liatinov\u00e1"},"content":{"rendered":"<p>Vani\u010dka um\u00fdvadla L\/45 dekorat\u00edvna ,\u0161\u00edrka 465mm ,v\u00fd\u0161ka 240mm, , h\u013abka 320mm. Vani\u010dka m\u00e1 pripraven\u00fd otvor pre odtok vody o priemere 12,8mm. Povrchova \u00faprava \u010dierna z\u00e1kladn\u00e1 farba.<\/p>\n","protected":false},"excerpt":{"rendered":"<p>Materi\u00e1l: Liatina<\/p>\n","protected":false},"featured_media":0,"comment_status":"closed","ping_status":"open","template":"","meta":[],"product_brand":[],"product_cat":[15],"product_tag":[],"class_list":{"0":"post-9959","1":"product","2":"type-product","3":"status-publish","5":"product_cat-uncategorized","7":"first","8":"onbackorder","9":"sale","10":"purchasable","11":"product-type-simple"},"_links":{"self":[{"href":"https:\/\/aramiso-test.verteco.app\/index.php?rest_route=\/wp\/v2\/product\/9959","targetHints":{"allow":["GET"]}}],"collection":[{"href":"https:\/\/aramiso-test.verteco.app\/index.php?rest_route=\/wp\/v2\/product"}],"about":[{"href":"https:\/\/aramiso-test.verteco.app\/index.php?rest_route=\/wp\/v2\/types\/product"}],"replies":[{"embeddable":true,"href":"https:\/\/aramiso-test.verteco.app\/index.php?rest_route=%2Fwp%2Fv2%2Fcomments&post=9959"}],"wp:attachment":[{"href":"https:\/\/aramiso-test.verteco.app\/index.php?rest_route=%2Fwp%2Fv2%2Fmedia&parent=9959"}],"wp:term":[{"taxonomy":"product_brand","embeddable":true,"href":"https:\/\/aramiso-test.verteco.app\/index.php?rest_route=%2Fwp%2Fv2%2Fproduct_brand&post=9959"},{"taxonomy":"product_cat","embeddable":true,"href":"https:\/\/aramiso-test.verteco.app\/index.php?rest_route=%2Fwp%2Fv2%2Fproduct_cat&post=9959"},{"taxonomy":"product_tag","embeddable":true,"href":"https:\/\/aramiso-test.verteco.app\/index.php?rest_route=%2Fwp%2Fv2%2Fproduct_tag&post=9959"}],"curies":[{"name":"wp","href":"https:\/\/api.w.org\/{rel}","templated":true}]}}