{"id":9953,"date":"2025-08-28T11:02:53","date_gmt":"2025-08-28T11:02:53","guid":{"rendered":"https:\/\/aramiso-test.verteco.app\/?product=vanicka-umyvadla-l-36-190x275mm-cast-iron-black"},"modified":"2025-08-28T11:02:54","modified_gmt":"2025-08-28T11:02:54","slug":"vanicka-umyvadla-l-36-190x275mm-cast-iron-black","status":"publish","type":"product","link":"https:\/\/aramiso-test.verteco.app\/?product=vanicka-umyvadla-l-36-190x275mm-cast-iron-black","title":{"rendered":"Vani\u010dka um\u00fdvadla L\/36 190x275mm, cast iron, black"},"content":{"rendered":"<p>Vani\u010dka um\u00fdvadla L\/36. V\u00fd\u0161ka 190mm, \u0161\u00edrka 275mm, h\u013abka 210mm. Povrchova \u00faprava \u010diern\u00e1 z\u00e1kladn\u00e1 farba. V\u00fdtokov\u00fd otvor vzadu (do steny) D12mm, 27mm os otvoru od spodu vani\u010dky.<\/p>\n","protected":false},"excerpt":{"rendered":"<p>Materi\u00e1l: Liatina<\/p>\n","protected":false},"featured_media":0,"comment_status":"closed","ping_status":"open","template":"","meta":[],"product_brand":[],"product_cat":[15],"product_tag":[],"class_list":{"0":"post-9953","1":"product","2":"type-product","3":"status-publish","5":"product_cat-uncategorized","7":"first","8":"instock","9":"sale","10":"purchasable","11":"product-type-simple"},"_links":{"self":[{"href":"https:\/\/aramiso-test.verteco.app\/index.php?rest_route=\/wp\/v2\/product\/9953","targetHints":{"allow":["GET"]}}],"collection":[{"href":"https:\/\/aramiso-test.verteco.app\/index.php?rest_route=\/wp\/v2\/product"}],"about":[{"href":"https:\/\/aramiso-test.verteco.app\/index.php?rest_route=\/wp\/v2\/types\/product"}],"replies":[{"embeddable":true,"href":"https:\/\/aramiso-test.verteco.app\/index.php?rest_route=%2Fwp%2Fv2%2Fcomments&post=9953"}],"wp:attachment":[{"href":"https:\/\/aramiso-test.verteco.app\/index.php?rest_route=%2Fwp%2Fv2%2Fmedia&parent=9953"}],"wp:term":[{"taxonomy":"product_brand","embeddable":true,"href":"https:\/\/aramiso-test.verteco.app\/index.php?rest_route=%2Fwp%2Fv2%2Fproduct_brand&post=9953"},{"taxonomy":"product_cat","embeddable":true,"href":"https:\/\/aramiso-test.verteco.app\/index.php?rest_route=%2Fwp%2Fv2%2Fproduct_cat&post=9953"},{"taxonomy":"product_tag","embeddable":true,"href":"https:\/\/aramiso-test.verteco.app\/index.php?rest_route=%2Fwp%2Fv2%2Fproduct_tag&post=9953"}],"curies":[{"name":"wp","href":"https:\/\/api.w.org\/{rel}","templated":true}]}}