{"id":9934,"date":"2025-10-26T12:22:24","date_gmt":"2025-10-26T12:22:24","guid":{"rendered":"https:\/\/aramiso-test.verteco.app\/?product=postova-schranka-hlinikove-celo-255x410mm-al-cierna"},"modified":"2025-10-26T12:22:25","modified_gmt":"2025-10-26T12:22:25","slug":"postova-schranka-hlinikove-celo-255x410mm-al-cierna","status":"publish","type":"product","link":"https:\/\/aramiso-test.verteco.app\/?product=postova-schranka-hlinikove-celo-255x410mm-al-cierna","title":{"rendered":"Po\u0161tov\u00e1 schr\u00e1nka-hlin\u00edkov\u00e9 \u010delo 255x410mm, Al, \u010dierna"},"content":{"rendered":"<p>Po\u0161tov\u00e1 schr\u00e1nka, hlin\u00edkov\u00e1 predn\u00e1 strana, kovov\u00e1 zadn\u00e1 strana. V\u00fd\u0161ka 410 mm, \u0161\u00edrka 260 mm, h\u013abka 85 mm. Otvor na vlo\u017eenie A4. Box je ukotven\u00fd 4 otvormi v zadnej \u010dasti. S\u00fa\u010das\u0165ou balenia s\u00fa skrutky. Farba matn\u00e1 \u010dierna RAL9017<\/p>\n","protected":false},"excerpt":{"rendered":"<p>Materi\u00e1l: Hlin\u00edk, Povrchov\u00e1 \u00faprava: Farba, Vzh\u013ead: \u010cierna RAL 9017<\/p>\n","protected":false},"featured_media":0,"comment_status":"closed","ping_status":"open","template":"","meta":[],"product_brand":[],"product_cat":[15],"product_tag":[],"class_list":{"0":"post-9934","1":"product","2":"type-product","3":"status-publish","5":"product_cat-uncategorized","7":"first","8":"onbackorder","9":"sale","10":"purchasable","11":"product-type-simple"},"_links":{"self":[{"href":"https:\/\/aramiso-test.verteco.app\/index.php?rest_route=\/wp\/v2\/product\/9934","targetHints":{"allow":["GET"]}}],"collection":[{"href":"https:\/\/aramiso-test.verteco.app\/index.php?rest_route=\/wp\/v2\/product"}],"about":[{"href":"https:\/\/aramiso-test.verteco.app\/index.php?rest_route=\/wp\/v2\/types\/product"}],"replies":[{"embeddable":true,"href":"https:\/\/aramiso-test.verteco.app\/index.php?rest_route=%2Fwp%2Fv2%2Fcomments&post=9934"}],"wp:attachment":[{"href":"https:\/\/aramiso-test.verteco.app\/index.php?rest_route=%2Fwp%2Fv2%2Fmedia&parent=9934"}],"wp:term":[{"taxonomy":"product_brand","embeddable":true,"href":"https:\/\/aramiso-test.verteco.app\/index.php?rest_route=%2Fwp%2Fv2%2Fproduct_brand&post=9934"},{"taxonomy":"product_cat","embeddable":true,"href":"https:\/\/aramiso-test.verteco.app\/index.php?rest_route=%2Fwp%2Fv2%2Fproduct_cat&post=9934"},{"taxonomy":"product_tag","embeddable":true,"href":"https:\/\/aramiso-test.verteco.app\/index.php?rest_route=%2Fwp%2Fv2%2Fproduct_tag&post=9934"}],"curies":[{"name":"wp","href":"https:\/\/api.w.org\/{rel}","templated":true}]}}