{"id":9812,"date":"2025-08-03T12:02:49","date_gmt":"2025-08-03T12:02:49","guid":{"rendered":"https:\/\/aramiso-test.verteco.app\/?product=drziak-madla-cierny-fe"},"modified":"2025-08-03T12:02:58","modified_gmt":"2025-08-03T12:02:58","slug":"drziak-madla-cierny-fe","status":"publish","type":"product","link":"https:\/\/aramiso-test.verteco.app\/?product=drziak-madla-cierny-fe","title":{"rendered":"Dr\u017eiak madla, \u010dierny, Fe"},"content":{"rendered":"<p>Elegantn\u00e1 a pevn\u00e1 konzola ur\u010den\u00e1 na uchytenie madla k stene. Ide\u00e1lna vo\u013eba pre schodisk\u00e1, chodby \u010di in\u00e9 priestory, kde je potrebn\u00e9 zabezpe\u010di\u0165 bezpe\u010dn\u00fd a estetick\u00fd \u00fachop.<br \/>\nKonzola madla v \u010diernej matnej farbe RAL9005<br \/>\nRozmer rozety kotviacej na stenu: 50&#215;50 mm<br \/>\nHr\u00fabka rozety: 4,5 mm<br \/>\nRozmer vrchnej platni\u010dky: 49&#215;25 mm<br \/>\nHr\u00fabka vrchnej platni\u010dky: 2,5 mm<br \/>\nRozmer \u0161tvorcovej r\u00fary: 12&#215;12 mm<\/p>\n","protected":false},"excerpt":{"rendered":"<p>Materi\u00e1l: Oce\u013e, Povrchov\u00e1 \u00faprava: Pr\u00e1\u0161kovan\u00fd, Vzh\u013ead: \u010cierna RAL 9005<\/p>\n","protected":false},"featured_media":0,"comment_status":"closed","ping_status":"open","template":"","meta":[],"product_brand":[],"product_cat":[15],"product_tag":[],"class_list":{"0":"post-9812","1":"product","2":"type-product","3":"status-publish","5":"product_cat-uncategorized","7":"first","8":"onbackorder","9":"sale","10":"purchasable","11":"product-type-simple"},"_links":{"self":[{"href":"https:\/\/aramiso-test.verteco.app\/index.php?rest_route=\/wp\/v2\/product\/9812","targetHints":{"allow":["GET"]}}],"collection":[{"href":"https:\/\/aramiso-test.verteco.app\/index.php?rest_route=\/wp\/v2\/product"}],"about":[{"href":"https:\/\/aramiso-test.verteco.app\/index.php?rest_route=\/wp\/v2\/types\/product"}],"replies":[{"embeddable":true,"href":"https:\/\/aramiso-test.verteco.app\/index.php?rest_route=%2Fwp%2Fv2%2Fcomments&post=9812"}],"wp:attachment":[{"href":"https:\/\/aramiso-test.verteco.app\/index.php?rest_route=%2Fwp%2Fv2%2Fmedia&parent=9812"}],"wp:term":[{"taxonomy":"product_brand","embeddable":true,"href":"https:\/\/aramiso-test.verteco.app\/index.php?rest_route=%2Fwp%2Fv2%2Fproduct_brand&post=9812"},{"taxonomy":"product_cat","embeddable":true,"href":"https:\/\/aramiso-test.verteco.app\/index.php?rest_route=%2Fwp%2Fv2%2Fproduct_cat&post=9812"},{"taxonomy":"product_tag","embeddable":true,"href":"https:\/\/aramiso-test.verteco.app\/index.php?rest_route=%2Fwp%2Fv2%2Fproduct_tag&post=9812"}],"curies":[{"name":"wp","href":"https:\/\/api.w.org\/{rel}","templated":true}]}}