{"id":9280,"date":"2025-10-26T12:18:54","date_gmt":"2025-10-26T12:18:54","guid":{"rendered":"https:\/\/aramiso-test.verteco.app\/?product=sada-gula-gula-so-stitkom-zamak"},"modified":"2025-10-26T12:18:54","modified_gmt":"2025-10-26T12:18:54","slug":"sada-gula-gula-so-stitkom-zamak","status":"publish","type":"product","link":"https:\/\/aramiso-test.verteco.app\/?product=sada-gula-gula-so-stitkom-zamak","title":{"rendered":"Sada gu\u013ea &#8211; gu\u013ea so \u0161t\u00edtkom, Zamak"},"content":{"rendered":"<p>Sada k\u013eu\u010dky &#8211; gu\u013ea + gu\u013ea so \u0161t\u00edtkom je rozmerovo prisp\u00f4soben\u00e1 kazet\u00e1m na\u0161ej v\u00fdroby.<br \/>\nGule a \u0161t\u00edtky s\u00fa odliate zo zamaku a pr\u00e1\u0161kovo lakovan\u00e9 v \u010diernej farbe.<br \/>\nSamozrejme pasuj\u00fa pre z\u00e1mky s rozostupom 72mm a 90mm.<\/p>\n","protected":false},"excerpt":{"rendered":"<p>Materi\u00e1l: ZAMAK zliatina, Povrchov\u00e1 \u00faprava: Farba, Vzh\u013ead: \u010cierna, Osov\u00fd rozostup: 72mm<\/p>\n","protected":false},"featured_media":0,"comment_status":"closed","ping_status":"open","template":"","meta":[],"product_brand":[],"product_cat":[15],"product_tag":[],"class_list":{"0":"post-9280","1":"product","2":"type-product","3":"status-publish","5":"product_cat-uncategorized","7":"first","8":"onbackorder","9":"sale","10":"purchasable","11":"product-type-simple"},"_links":{"self":[{"href":"https:\/\/aramiso-test.verteco.app\/index.php?rest_route=\/wp\/v2\/product\/9280","targetHints":{"allow":["GET"]}}],"collection":[{"href":"https:\/\/aramiso-test.verteco.app\/index.php?rest_route=\/wp\/v2\/product"}],"about":[{"href":"https:\/\/aramiso-test.verteco.app\/index.php?rest_route=\/wp\/v2\/types\/product"}],"replies":[{"embeddable":true,"href":"https:\/\/aramiso-test.verteco.app\/index.php?rest_route=%2Fwp%2Fv2%2Fcomments&post=9280"}],"wp:attachment":[{"href":"https:\/\/aramiso-test.verteco.app\/index.php?rest_route=%2Fwp%2Fv2%2Fmedia&parent=9280"}],"wp:term":[{"taxonomy":"product_brand","embeddable":true,"href":"https:\/\/aramiso-test.verteco.app\/index.php?rest_route=%2Fwp%2Fv2%2Fproduct_brand&post=9280"},{"taxonomy":"product_cat","embeddable":true,"href":"https:\/\/aramiso-test.verteco.app\/index.php?rest_route=%2Fwp%2Fv2%2Fproduct_cat&post=9280"},{"taxonomy":"product_tag","embeddable":true,"href":"https:\/\/aramiso-test.verteco.app\/index.php?rest_route=%2Fwp%2Fv2%2Fproduct_tag&post=9280"}],"curies":[{"name":"wp","href":"https:\/\/api.w.org\/{rel}","templated":true}]}}