{"id":8946,"date":"2025-08-03T11:46:02","date_gmt":"2025-08-03T11:46:02","guid":{"rendered":"https:\/\/aramiso-test.verteco.app\/?product=profil-vodiaci-zavesny-zn-42x54x25mm-l6m"},"modified":"2025-08-03T11:46:11","modified_gmt":"2025-08-03T11:46:11","slug":"profil-vodiaci-zavesny-zn-42x54x25mm-l6m","status":"publish","type":"product","link":"https:\/\/aramiso-test.verteco.app\/?product=profil-vodiaci-zavesny-zn-42x54x25mm-l6m","title":{"rendered":"Profil vodiaci z\u00e1vesn\u00fd Zn, 42x54x2,5mm, L6m"},"content":{"rendered":"<p>Vodiaci profil pre posuvn\u00e9 z\u00e1vesn\u00e9 br\u00e1ny. \u017diarovo zinkovan\u00fd. Upevnenie pomocou dr\u017eiakov H\/47. Dod\u00e1van\u00fd v 6 m kusoch. Mo\u017en\u00e9 doda\u0165 aj v 3 m kusoch (kat. \u010d\u00edslo H\/18-42&#215;54-Zn-3000).<\/p>\n","protected":false},"excerpt":{"rendered":"<p>Materi\u00e1l: Oce\u013e, Povrchov\u00e1 \u00faprava: Zinok, Zna\u010dka: Umakov, Rozmerov\u00e1 rada (mm): 42&#215;54, L: 6000, a: 42, b: 54, s: 10, t: 2,5<\/p>\n","protected":false},"featured_media":0,"comment_status":"closed","ping_status":"open","template":"","meta":[],"product_brand":[],"product_cat":[15],"product_tag":[],"class_list":{"0":"post-8946","1":"product","2":"type-product","3":"status-publish","5":"product_cat-uncategorized","7":"first","8":"onbackorder","9":"sale","10":"purchasable","11":"product-type-simple"},"_links":{"self":[{"href":"https:\/\/aramiso-test.verteco.app\/index.php?rest_route=\/wp\/v2\/product\/8946","targetHints":{"allow":["GET"]}}],"collection":[{"href":"https:\/\/aramiso-test.verteco.app\/index.php?rest_route=\/wp\/v2\/product"}],"about":[{"href":"https:\/\/aramiso-test.verteco.app\/index.php?rest_route=\/wp\/v2\/types\/product"}],"replies":[{"embeddable":true,"href":"https:\/\/aramiso-test.verteco.app\/index.php?rest_route=%2Fwp%2Fv2%2Fcomments&post=8946"}],"wp:attachment":[{"href":"https:\/\/aramiso-test.verteco.app\/index.php?rest_route=%2Fwp%2Fv2%2Fmedia&parent=8946"}],"wp:term":[{"taxonomy":"product_brand","embeddable":true,"href":"https:\/\/aramiso-test.verteco.app\/index.php?rest_route=%2Fwp%2Fv2%2Fproduct_brand&post=8946"},{"taxonomy":"product_cat","embeddable":true,"href":"https:\/\/aramiso-test.verteco.app\/index.php?rest_route=%2Fwp%2Fv2%2Fproduct_cat&post=8946"},{"taxonomy":"product_tag","embeddable":true,"href":"https:\/\/aramiso-test.verteco.app\/index.php?rest_route=%2Fwp%2Fv2%2Fproduct_tag&post=8946"}],"curies":[{"name":"wp","href":"https:\/\/api.w.org\/{rel}","templated":true}]}}