{"id":8762,"date":"2025-08-25T11:08:45","date_gmt":"2025-08-25T11:08:45","guid":{"rendered":"https:\/\/aramiso-test.verteco.app\/?product=drziak-skla-zabradlie-set"},"modified":"2025-08-25T11:08:46","modified_gmt":"2025-08-25T11:08:46","slug":"drziak-skla-zabradlie-set","status":"publish","type":"product","link":"https:\/\/aramiso-test.verteco.app\/?product=drziak-skla-zabradlie-set","title":{"rendered":"Dr\u017eiak skla, z\u00e1bradlie &#8211; set"},"content":{"rendered":"<p>Un support de remplissage en verre (t\u00f4le, feuille) est un \u00e9l\u00e9ment structurel utilis\u00e9 pour fixer et stabiliser le remplissage en verre ou en feuille dans diverses constructions, telles que des garde-corps, des balcons ou des escaliers. Ce support assure une fixation ferme et s\u00e9curis\u00e9e du remplissage, augmentant ainsi la stabilit\u00e9 et la s\u00e9curit\u00e9 globales de la structure. Ils font partie de solutions architecturales modernes qui allient fonctionnalit\u00e9, s\u00e9curit\u00e9 et esth\u00e9tique. Lors du choix d&#8217;un support, il est important de prendre en compte son mat\u00e9riau, sa conception, sa fonctionnalit\u00e9 et sa compatibilit\u00e9 avec un remplissage sp\u00e9cifique et une construction globale. Maintien complet &#8211; l&#8217;assurance contre la chute est obtenue a l&#8217;aide d&#8217;un joint de serrage (utilisation recommand\u00e9e pour un ancrage sup\u00e9rieur) ou d&#8217;un joint de serrage + colique (utilisation recommand\u00e9e pour un ancrage lat\u00e9ral) ou d&#8217;un joint de serrage + plaque de s\u00e9curit\u00e9 (utilisation recommand\u00e9e pour un ancrage lat\u00e9ral). Le support ne contient pas de joint (il faut acheter 2 pieces de joints pour le support en fonction de l&#8217;\u00e9paisseur du verre).<\/p>\n","protected":false},"excerpt":{"rendered":"<p>Un support de remplissage en verre (t\u00f4le, feuille) est un \u00e9l\u00e9ment structurel utilis\u00e9 pour fixer et stabiliser le remplissage en verre ou en feuille dans diverses constructions, telles que des garde-corps, des balcons ou des escaliers. Ce support assure une fixation ferme et s\u00e9curis\u00e9e du remplissage, augmentant ainsi la stabilit\u00e9 et la s\u00e9curit\u00e9 globales de [&hellip;]<\/p>\n","protected":false},"featured_media":0,"comment_status":"closed","ping_status":"open","template":"","meta":[],"product_brand":[],"product_cat":[15],"product_tag":[],"class_list":{"0":"post-8762","1":"product","2":"type-product","3":"status-publish","5":"product_cat-uncategorized","7":"first","8":"onbackorder","9":"sale","10":"purchasable","11":"product-type-simple"},"_links":{"self":[{"href":"https:\/\/aramiso-test.verteco.app\/index.php?rest_route=\/wp\/v2\/product\/8762","targetHints":{"allow":["GET"]}}],"collection":[{"href":"https:\/\/aramiso-test.verteco.app\/index.php?rest_route=\/wp\/v2\/product"}],"about":[{"href":"https:\/\/aramiso-test.verteco.app\/index.php?rest_route=\/wp\/v2\/types\/product"}],"replies":[{"embeddable":true,"href":"https:\/\/aramiso-test.verteco.app\/index.php?rest_route=%2Fwp%2Fv2%2Fcomments&post=8762"}],"wp:attachment":[{"href":"https:\/\/aramiso-test.verteco.app\/index.php?rest_route=%2Fwp%2Fv2%2Fmedia&parent=8762"}],"wp:term":[{"taxonomy":"product_brand","embeddable":true,"href":"https:\/\/aramiso-test.verteco.app\/index.php?rest_route=%2Fwp%2Fv2%2Fproduct_brand&post=8762"},{"taxonomy":"product_cat","embeddable":true,"href":"https:\/\/aramiso-test.verteco.app\/index.php?rest_route=%2Fwp%2Fv2%2Fproduct_cat&post=8762"},{"taxonomy":"product_tag","embeddable":true,"href":"https:\/\/aramiso-test.verteco.app\/index.php?rest_route=%2Fwp%2Fv2%2Fproduct_tag&post=8762"}],"curies":[{"name":"wp","href":"https:\/\/api.w.org\/{rel}","templated":true}]}}