{"id":8622,"date":"2025-10-26T12:12:44","date_gmt":"2025-10-26T12:12:44","guid":{"rendered":"https:\/\/aramiso-test.verteco.app\/?product=pristresok-drziak-skla-2"},"modified":"2025-10-26T12:12:55","modified_gmt":"2025-10-26T12:12:55","slug":"pristresok-drziak-skla-2","status":"publish","type":"product","link":"https:\/\/aramiso-test.verteco.app\/?product=pristresok-drziak-skla-2","title":{"rendered":"Pr\u00edstre\u0161ok &#8211; dr\u017eiak skla"},"content":{"rendered":"<p>Dr\u017eiak skla pre pr\u00edstre\u0161ok je kon\u0161truk\u010dn\u00fd prvok pou\u017e\u00edvan\u00fd na upevnenie a stabiliz\u00e1ciu skla. Zais\u0165uje pevn\u00e9 a bezpe\u010dn\u00e9 prichytenie skla \u010d\u00edm zvy\u0161uje celkov\u00fa stabilitu a bezpe\u010dnos\u0165 kon\u0161trukcie. S\u00fa s\u00fa\u010das\u0165ou modern\u00fdch architektonick\u00fdch rie\u0161en\u00ed, ktor\u00e9 kombinuj\u00fa funk\u010dnos\u0165, bezpe\u010dnos\u0165 a estetick\u00fd vzh\u013ead. Uchytenie skla je dosiahnut\u00e9 pomocou zvern\u00e9ho spoja a pre jeho mont\u00e1\u017e je potrebn\u00fd otvor v skle.<\/p>\n","protected":false},"excerpt":{"rendered":"<p>Materi\u00e1l: Nerez AISI 316, Povrchov\u00e1 \u00faprava: Brus, h: 47<\/p>\n","protected":false},"featured_media":0,"comment_status":"closed","ping_status":"open","template":"","meta":[],"product_brand":[],"product_cat":[15],"product_tag":[],"class_list":{"0":"post-8622","1":"product","2":"type-product","3":"status-publish","5":"product_cat-uncategorized","7":"first","8":"onbackorder","9":"sale","10":"purchasable","11":"product-type-simple"},"_links":{"self":[{"href":"https:\/\/aramiso-test.verteco.app\/index.php?rest_route=\/wp\/v2\/product\/8622","targetHints":{"allow":["GET"]}}],"collection":[{"href":"https:\/\/aramiso-test.verteco.app\/index.php?rest_route=\/wp\/v2\/product"}],"about":[{"href":"https:\/\/aramiso-test.verteco.app\/index.php?rest_route=\/wp\/v2\/types\/product"}],"replies":[{"embeddable":true,"href":"https:\/\/aramiso-test.verteco.app\/index.php?rest_route=%2Fwp%2Fv2%2Fcomments&post=8622"}],"wp:attachment":[{"href":"https:\/\/aramiso-test.verteco.app\/index.php?rest_route=%2Fwp%2Fv2%2Fmedia&parent=8622"}],"wp:term":[{"taxonomy":"product_brand","embeddable":true,"href":"https:\/\/aramiso-test.verteco.app\/index.php?rest_route=%2Fwp%2Fv2%2Fproduct_brand&post=8622"},{"taxonomy":"product_cat","embeddable":true,"href":"https:\/\/aramiso-test.verteco.app\/index.php?rest_route=%2Fwp%2Fv2%2Fproduct_cat&post=8622"},{"taxonomy":"product_tag","embeddable":true,"href":"https:\/\/aramiso-test.verteco.app\/index.php?rest_route=%2Fwp%2Fv2%2Fproduct_tag&post=8622"}],"curies":[{"name":"wp","href":"https:\/\/api.w.org\/{rel}","templated":true}]}}