{"id":8607,"date":"2025-10-26T12:12:44","date_gmt":"2025-10-26T12:12:44","guid":{"rendered":"https:\/\/aramiso-test.verteco.app\/?product=strieska-kovanie-set-2"},"modified":"2025-10-26T12:12:52","modified_gmt":"2025-10-26T12:12:52","slug":"strieska-kovanie-set-2","status":"publish","type":"product","link":"https:\/\/aramiso-test.verteco.app\/?product=strieska-kovanie-set-2","title":{"rendered":"Strie\u0161ka &#8211; kovanie set"},"content":{"rendered":"<p>Sklenen\u00e9 pr\u00edstre\u0161ie je kon\u0161trukcia ur\u010den\u00e1 na ochranu pred poveternostn\u00fdmi vplyvmi a poskytuje tie\u017e estetick\u00fd prvok architekt\u00fary. Pozost\u00e1va z nerezov\u00fdch uchytov a tiahla na ktor\u00fdch je umiestnen\u00e9 sklenen\u00e9 krytie, ktor\u00e9 sl\u00fa\u017ei ako strecha. Tento druh pr\u00edstre\u0161ia m\u00f4\u017ee by\u0165 ploch\u00fd alebo sklonen\u00fd, v z\u00e1vislosti od preferenci\u00ed a po\u017eiadaviek dizajnu. Sklenen\u00e9 pr\u00edstre\u0161ia maj\u00fa nieko\u013eko v\u00fdhod, vr\u00e1tane toho, \u017ee umo\u017e\u0148uj\u00fa priechod svetla, \u010d\u00edm vytv\u00e1raj\u00fa jasn\u00e9 a otvoren\u00e9 prostredie. Tie\u017e prid\u00e1vaj\u00fa modern\u00fd a elegantn\u00fd vzh\u013ead exteri\u00e9ru alebo vstupnej \u010dasti budovy. M\u00f4\u017ee by\u0165 pou\u017eit\u00e9 v r\u00f4znych aplik\u00e1ci\u00e1ch, ako s\u00fa vchodov\u00e9 br\u00e1ny, vchody do domu alebo obchodn\u00fdch priestorov, terasy \u010di balk\u00f3ny. Ich dizajn a ve\u013ekos\u0165 sa m\u00f4\u017eu l\u00ed\u0161i\u0165 v z\u00e1vislosti od konkr\u00e9tnych po\u017eiadaviek a estetick\u00fdch preferenci\u00ed majite\u013ea. Vzh\u013eadom na svoju eleganciu a funkcionalitu s\u00fa sklenen\u00e9 pr\u00edstre\u0161ia popul\u00e1rnym prvkom modern\u00fdch budov a domov. Pom\u00e1haj\u00fa chr\u00e1ni\u0165 vstupn\u00e9 priestory pred da\u017e\u010fom, snehom alebo slne\u010dn\u00fdm \u017eiaren\u00edm a pritom poskytuj\u00fa atrakt\u00edvny a dobre osvetlen\u00fd priestor.<br \/>\nSET obsahuje prislu\u0161enstvo pre horne aj doln\u00e9 kotvenie, dr\u017eiak skla a 2ks kompletne tiahla (bez skla) pre presklenu strie\u0161ku. Celkov\u00e9 za\u0165a\u017eenie na jedno tiahlo 2,5kN (250 kg).<\/p>\n","protected":false},"excerpt":{"rendered":"<p>Materi\u00e1l: Nerez AISI 316, Povrchov\u00e1 \u00faprava: Brus, Glass t: 8,76-17,52<\/p>\n","protected":false},"featured_media":0,"comment_status":"closed","ping_status":"open","template":"","meta":[],"product_brand":[],"product_cat":[15],"product_tag":[],"class_list":{"0":"post-8607","1":"product","2":"type-product","3":"status-publish","5":"product_cat-uncategorized","7":"first","8":"onbackorder","9":"sale","10":"purchasable","11":"product-type-simple"},"_links":{"self":[{"href":"https:\/\/aramiso-test.verteco.app\/index.php?rest_route=\/wp\/v2\/product\/8607","targetHints":{"allow":["GET"]}}],"collection":[{"href":"https:\/\/aramiso-test.verteco.app\/index.php?rest_route=\/wp\/v2\/product"}],"about":[{"href":"https:\/\/aramiso-test.verteco.app\/index.php?rest_route=\/wp\/v2\/types\/product"}],"replies":[{"embeddable":true,"href":"https:\/\/aramiso-test.verteco.app\/index.php?rest_route=%2Fwp%2Fv2%2Fcomments&post=8607"}],"wp:attachment":[{"href":"https:\/\/aramiso-test.verteco.app\/index.php?rest_route=%2Fwp%2Fv2%2Fmedia&parent=8607"}],"wp:term":[{"taxonomy":"product_brand","embeddable":true,"href":"https:\/\/aramiso-test.verteco.app\/index.php?rest_route=%2Fwp%2Fv2%2Fproduct_brand&post=8607"},{"taxonomy":"product_cat","embeddable":true,"href":"https:\/\/aramiso-test.verteco.app\/index.php?rest_route=%2Fwp%2Fv2%2Fproduct_cat&post=8607"},{"taxonomy":"product_tag","embeddable":true,"href":"https:\/\/aramiso-test.verteco.app\/index.php?rest_route=%2Fwp%2Fv2%2Fproduct_tag&post=8607"}],"curies":[{"name":"wp","href":"https:\/\/api.w.org\/{rel}","templated":true}]}}