{"id":8575,"date":"2025-10-26T12:12:25","date_gmt":"2025-10-26T12:12:25","guid":{"rendered":"https:\/\/aramiso-test.verteco.app\/?product=kotviaca-zmiesavacia-spicka-m17-l215mm"},"modified":"2025-10-26T12:12:32","modified_gmt":"2025-10-26T12:12:32","slug":"kotviaca-zmiesavacia-spicka-m17-l215mm","status":"publish","type":"product","link":"https:\/\/aramiso-test.verteco.app\/?product=kotviaca-zmiesavacia-spicka-m17-l215mm","title":{"rendered":"Kotviaca zmie\u0161avacia \u0161pi\u010dka M17, L215mm"},"content":{"rendered":"<p>Statick\u00fd zmie\u0161ava\u010d (mix\u00e9r) je \u00fazka valcovit\u00e1 r\u00farka, ktor\u00e1 obsahuje mie\u0161acie prvky. Prvky s\u00fa stacion\u00e1rne \u010dasti, ktor\u00e9 s\u00fa umiestnen\u00e9 tak, aby umo\u017e\u0148ovali zmie\u0161anie dvoch materi\u00e1lov po\u010das prechodu cez zmie\u0161ava\u010d. Tieto zmie\u0161ava\u010de s\u00fa lacn\u00e9, na jednorazov\u00e9  pou\u017eitie<\/p>\n","protected":false},"excerpt":{"rendered":"<p>Materi\u00e1l: Ch\u00e9mia, L: 215, M: 17<\/p>\n","protected":false},"featured_media":0,"comment_status":"closed","ping_status":"open","template":"","meta":[],"product_brand":[],"product_cat":[15],"product_tag":[],"class_list":{"0":"post-8575","1":"product","2":"type-product","3":"status-publish","5":"product_cat-uncategorized","7":"first","8":"onbackorder","9":"sale","10":"purchasable","11":"product-type-simple"},"_links":{"self":[{"href":"https:\/\/aramiso-test.verteco.app\/index.php?rest_route=\/wp\/v2\/product\/8575","targetHints":{"allow":["GET"]}}],"collection":[{"href":"https:\/\/aramiso-test.verteco.app\/index.php?rest_route=\/wp\/v2\/product"}],"about":[{"href":"https:\/\/aramiso-test.verteco.app\/index.php?rest_route=\/wp\/v2\/types\/product"}],"replies":[{"embeddable":true,"href":"https:\/\/aramiso-test.verteco.app\/index.php?rest_route=%2Fwp%2Fv2%2Fcomments&post=8575"}],"wp:attachment":[{"href":"https:\/\/aramiso-test.verteco.app\/index.php?rest_route=%2Fwp%2Fv2%2Fmedia&parent=8575"}],"wp:term":[{"taxonomy":"product_brand","embeddable":true,"href":"https:\/\/aramiso-test.verteco.app\/index.php?rest_route=%2Fwp%2Fv2%2Fproduct_brand&post=8575"},{"taxonomy":"product_cat","embeddable":true,"href":"https:\/\/aramiso-test.verteco.app\/index.php?rest_route=%2Fwp%2Fv2%2Fproduct_cat&post=8575"},{"taxonomy":"product_tag","embeddable":true,"href":"https:\/\/aramiso-test.verteco.app\/index.php?rest_route=%2Fwp%2Fv2%2Fproduct_tag&post=8575"}],"curies":[{"name":"wp","href":"https:\/\/api.w.org\/{rel}","templated":true}]}}