{"id":8567,"date":"2025-10-26T12:12:25","date_gmt":"2025-10-26T12:12:25","guid":{"rendered":"https:\/\/aramiso-test.verteco.app\/?product=lepidlo-s-aktivatorom-loctite-577-50ml"},"modified":"2025-10-26T12:12:27","modified_gmt":"2025-10-26T12:12:27","slug":"lepidlo-s-aktivatorom-loctite-577-50ml","status":"publish","type":"product","link":"https:\/\/aramiso-test.verteco.app\/?product=lepidlo-s-aktivatorom-loctite-577-50ml","title":{"rendered":"Lepidlo s aktiv\u00e1torom &#8211; LOCTITE 577, 50ml"},"content":{"rendered":"<p>Lepidlo LOCTITE\u00ae 577 je univerz\u00e1lny upev\u0148ova\u010d s obsahom aktiv\u00e1toru pre r\u00fdchle vytvrdnutie a vysokou pevnos\u0165ou.<br \/>\nLepidlo LOCTITE\u00ae 577 je hustej\u0161\u00ed a preto je navrhnut\u00fd na zaistenie a utesnenie nerezov\u00fdch s\u00fa\u010dast\u00ed, kolien, spojok nerezov\u00fdch z\u00e1bradl\u00ed s v\u00e4\u010d\u0161iou medzerou, kovov\u00fdch potrub\u00ed a armat\u00far, ako aj in\u00fdch valcovit\u00fdch kovov\u00fdch zost\u00e1v.<br \/>\nZabezpe\u010duje okam\u017eit\u00e9 n\u00edzkotlakov\u00e9 utesnenie kovov\u00fdch trubiek a armat\u00far. Tesnenie sa nevytl\u00e1\u010da, nezmr\u0161\u0165uje, ani neupch\u00e1va syst\u00e9m odlupovan\u00edm.<br \/>\nVhodn\u00fd na aplik\u00e1cie nad hlavou a r\u00fdchle aplik\u00e1cie pri n\u00edzkych teplot\u00e1ch. M\u00e1 v\u00fdborn\u00fa chemick\u00fa a teplotn\u00fa odolnos\u0165 a vyzna\u010duje sa men\u0161\u00edm pohybom tekut\u00e9ho produktu po aplik\u00e1cii na dielci.<br \/>\nOdoln\u00e9 vo\u010di paliv\u00e1m, olejom, chladiv\u00e1m a hydraulick\u00fdm kvapalin\u00e1m<br \/>\nP1 NSF Reg. \u010d.: 123001<br \/>\nUniverz\u00e1lne tekut\u00e9 tesnenie na z\u00e1vity na v\u0161eobecn\u00e9 pou\u017eitie na utesnenie kovov\u00fdch z\u00e1vitov<br \/>\nOkam\u017eit\u00e9 n\u00edzkotlakov\u00e9 utesnenie<br \/>\nSchv\u00e1lenie DVGW (EN 751-1): NG-5146AR0621<br \/>\nSchv\u00e1lenie WRAS (BS 6920): 0711506<br \/>\nUtes\u0148uje spoj proti uvo\u013e\u0148ovaniu sp\u00f4soben\u00e9mu vibr\u00e1ciami<\/p>\n<p>Technick\u00e9 inform\u00e1cie:<\/p>\n<p>Aplik\u00e1cia &#8211; Lepenie s\u00fa\u010dast\u00ed nerezov\u00fdch z\u00e1brzdl\u00ed, tesnenie potrubia, tesnenie r\u00farkov\u00fdch z\u00e1vitov<br \/>\nFarba &#8211; \u017dlt\u00e1<br \/>\nFyzik\u00e1lna forma &#8211; Pasta<br \/>\nK\u013e\u00fa\u010dov\u00e9 vlastnosti\t &#8211; Chemick\u00e1 odolnos\u0165, Fluorescen\u010dn\u00e9, Odol\u00e1va povrchovej kontamin\u00e1cii, Okam\u017eit\u00e9 utesnenie s n\u00edzkym tlakom, Pevnos\u0165: stredn\u00e1 pevnos\u0165, Teplota: vysok\u00e1 teplota, Tixotropn\u00e1, Univerz\u00e1lny<br \/>\nMet\u00f3da nan\u00e1\u0161ania &#8211; Manu\u00e1lne, Syst\u00e9m d\u00e1vkovania<br \/>\nOdtrh\u00e1vac\u00ed moment &#8211; Oce\u013e M10  33.0 N\u00b7m (295.0 in.\/lb. )<br \/>\nPrev\u00e1dzkov\u00e1 teplota\t-55.0 &#8211; 150.0 \u00b0C (-65.0 &#8211; 300.0 \u00b0F )<br \/>\nPou\u017eite na &#8211; Kov, Kov: Pas\u00edvny kov, Typ z\u00e1vitu: Z\u00fa\u017een\u00fd<br \/>\nSchv\u00e1lenia agent\u00fary \/ certifik\u00e1ty \/ \u0161pecifik\u00e1cie &#8211; DVGW, NSF, WRAS<br \/>\nSp\u00f4sob vytvrdzovania &#8211; Anaer\u00f3bne vytvrdzovanie<br \/>\nViskozita &#8211; 20 RPM\t25000.0 mPa\u00b7s<\/p>\n","protected":false},"excerpt":{"rendered":"<p>Materi\u00e1l: Ch\u00e9mia, g: 50<\/p>\n","protected":false},"featured_media":0,"comment_status":"closed","ping_status":"open","template":"","meta":[],"product_brand":[],"product_cat":[15],"product_tag":[],"class_list":{"0":"post-8567","1":"product","2":"type-product","3":"status-publish","5":"product_cat-uncategorized","7":"first","8":"onbackorder","9":"sale","10":"purchasable","11":"product-type-simple"},"_links":{"self":[{"href":"https:\/\/aramiso-test.verteco.app\/index.php?rest_route=\/wp\/v2\/product\/8567","targetHints":{"allow":["GET"]}}],"collection":[{"href":"https:\/\/aramiso-test.verteco.app\/index.php?rest_route=\/wp\/v2\/product"}],"about":[{"href":"https:\/\/aramiso-test.verteco.app\/index.php?rest_route=\/wp\/v2\/types\/product"}],"replies":[{"embeddable":true,"href":"https:\/\/aramiso-test.verteco.app\/index.php?rest_route=%2Fwp%2Fv2%2Fcomments&post=8567"}],"wp:attachment":[{"href":"https:\/\/aramiso-test.verteco.app\/index.php?rest_route=%2Fwp%2Fv2%2Fmedia&parent=8567"}],"wp:term":[{"taxonomy":"product_brand","embeddable":true,"href":"https:\/\/aramiso-test.verteco.app\/index.php?rest_route=%2Fwp%2Fv2%2Fproduct_brand&post=8567"},{"taxonomy":"product_cat","embeddable":true,"href":"https:\/\/aramiso-test.verteco.app\/index.php?rest_route=%2Fwp%2Fv2%2Fproduct_cat&post=8567"},{"taxonomy":"product_tag","embeddable":true,"href":"https:\/\/aramiso-test.verteco.app\/index.php?rest_route=%2Fwp%2Fv2%2Fproduct_tag&post=8567"}],"curies":[{"name":"wp","href":"https:\/\/api.w.org\/{rel}","templated":true}]}}