{"id":8211,"date":"2025-10-26T12:07:00","date_gmt":"2025-10-26T12:07:00","guid":{"rendered":"https:\/\/aramiso-test.verteco.app\/?product=spigot-kotviaci-stlpik-pre-sklo-2"},"modified":"2025-10-26T12:07:03","modified_gmt":"2025-10-26T12:07:03","slug":"spigot-kotviaci-stlpik-pre-sklo-2","status":"publish","type":"product","link":"https:\/\/aramiso-test.verteco.app\/?product=spigot-kotviaci-stlpik-pre-sklo-2","title":{"rendered":"Spigot &#8211; kotviaci st\u013apik pre sklo"},"content":{"rendered":"<p>Spigot &#8211; \u0161pecialny st\u013apik na uchyt skla (bez nutnosti otvoru v skle), poistenie skla &#8211; zverny spoj . Dopor\u00fa\u010den\u00fd pre z\u00e1brany (n\u00edzke z\u00e1bradlia) na atike. Maxim\u00e1lna v\u00fd\u0161ka z\u00e1bradlia je 500mm. N\u00fatnos\u0165 pou\u017eitia madla na sklo.<\/p>\n","protected":false},"excerpt":{"rendered":"<p>Materi\u00e1l: Nerez AISI 316, Povrchov\u00e1 \u00faprava: Brus, Glass t: 12-13,50, G\/h kN: 0,25<\/p>\n","protected":false},"featured_media":0,"comment_status":"closed","ping_status":"open","template":"","meta":[],"product_brand":[],"product_cat":[15],"product_tag":[],"class_list":{"0":"post-8211","1":"product","2":"type-product","3":"status-publish","5":"product_cat-uncategorized","7":"first","8":"onbackorder","9":"sale","10":"purchasable","11":"product-type-simple"},"_links":{"self":[{"href":"https:\/\/aramiso-test.verteco.app\/index.php?rest_route=\/wp\/v2\/product\/8211","targetHints":{"allow":["GET"]}}],"collection":[{"href":"https:\/\/aramiso-test.verteco.app\/index.php?rest_route=\/wp\/v2\/product"}],"about":[{"href":"https:\/\/aramiso-test.verteco.app\/index.php?rest_route=\/wp\/v2\/types\/product"}],"replies":[{"embeddable":true,"href":"https:\/\/aramiso-test.verteco.app\/index.php?rest_route=%2Fwp%2Fv2%2Fcomments&post=8211"}],"wp:attachment":[{"href":"https:\/\/aramiso-test.verteco.app\/index.php?rest_route=%2Fwp%2Fv2%2Fmedia&parent=8211"}],"wp:term":[{"taxonomy":"product_brand","embeddable":true,"href":"https:\/\/aramiso-test.verteco.app\/index.php?rest_route=%2Fwp%2Fv2%2Fproduct_brand&post=8211"},{"taxonomy":"product_cat","embeddable":true,"href":"https:\/\/aramiso-test.verteco.app\/index.php?rest_route=%2Fwp%2Fv2%2Fproduct_cat&post=8211"},{"taxonomy":"product_tag","embeddable":true,"href":"https:\/\/aramiso-test.verteco.app\/index.php?rest_route=%2Fwp%2Fv2%2Fproduct_tag&post=8211"}],"curies":[{"name":"wp","href":"https:\/\/api.w.org\/{rel}","templated":true}]}}