{"id":8059,"date":"2025-08-03T11:24:25","date_gmt":"2025-08-03T11:24:25","guid":{"rendered":"https:\/\/aramiso-test.verteco.app\/?product=stlpik-buk-vrchne-kotvenie-lavy-na-schody-ais"},"modified":"2025-08-03T11:24:31","modified_gmt":"2025-08-03T11:24:31","slug":"stlpik-buk-vrchne-kotvenie-lavy-na-schody-ais","status":"publish","type":"product","link":"https:\/\/aramiso-test.verteco.app\/?product=stlpik-buk-vrchne-kotvenie-lavy-na-schody-ais","title":{"rendered":"St\u013apik BUK, vrchn\u00e9 kotvenie &#8211; \u013eav\u00fd &#8211; na schody AIS"},"content":{"rendered":"","protected":false},"excerpt":{"rendered":"<p>Materi\u00e1l: Drevo Buk, Povrchov\u00e1 \u00faprava: Natural, Pou\u017eitie: Schody\/1000mm, V\u00fdpl\u0148: Sklo, L: 1100, Kotvenie: Zhora, h1: 285, h2: 558, h3: 257<\/p>\n","protected":false},"featured_media":0,"comment_status":"closed","ping_status":"open","template":"","meta":[],"product_brand":[],"product_cat":[15],"product_tag":[],"class_list":{"0":"post-8059","1":"product","2":"type-product","3":"status-publish","5":"product_cat-uncategorized","7":"first","8":"onbackorder","9":"purchasable","10":"product-type-simple"},"_links":{"self":[{"href":"https:\/\/aramiso-test.verteco.app\/index.php?rest_route=\/wp\/v2\/product\/8059","targetHints":{"allow":["GET"]}}],"collection":[{"href":"https:\/\/aramiso-test.verteco.app\/index.php?rest_route=\/wp\/v2\/product"}],"about":[{"href":"https:\/\/aramiso-test.verteco.app\/index.php?rest_route=\/wp\/v2\/types\/product"}],"replies":[{"embeddable":true,"href":"https:\/\/aramiso-test.verteco.app\/index.php?rest_route=%2Fwp%2Fv2%2Fcomments&post=8059"}],"wp:attachment":[{"href":"https:\/\/aramiso-test.verteco.app\/index.php?rest_route=%2Fwp%2Fv2%2Fmedia&parent=8059"}],"wp:term":[{"taxonomy":"product_brand","embeddable":true,"href":"https:\/\/aramiso-test.verteco.app\/index.php?rest_route=%2Fwp%2Fv2%2Fproduct_brand&post=8059"},{"taxonomy":"product_cat","embeddable":true,"href":"https:\/\/aramiso-test.verteco.app\/index.php?rest_route=%2Fwp%2Fv2%2Fproduct_cat&post=8059"},{"taxonomy":"product_tag","embeddable":true,"href":"https:\/\/aramiso-test.verteco.app\/index.php?rest_route=%2Fwp%2Fv2%2Fproduct_tag&post=8059"}],"curies":[{"name":"wp","href":"https:\/\/api.w.org\/{rel}","templated":true}]}}