{"id":7748,"date":"2025-10-26T12:04:02","date_gmt":"2025-10-26T12:04:02","guid":{"rendered":"https:\/\/aramiso-test.verteco.app\/?product=lanko-nerezove-pre-exterier"},"modified":"2025-10-26T12:04:05","modified_gmt":"2025-10-26T12:04:05","slug":"lanko-nerezove-pre-exterier","status":"publish","type":"product","link":"https:\/\/aramiso-test.verteco.app\/?product=lanko-nerezove-pre-exterier","title":{"rendered":"Lanko &#8211; nerezov\u00e9 pre exteri\u00e9r"},"content":{"rendered":"<p>Nerezov\u00e9 lanko pre exteri\u00e9r je \u0161pecializovan\u00fd typ lana vyroben\u00fd z nehrdzavej\u00facej ocele, navrhnut\u00fd tak, aby odol\u00e1val n\u00e1ro\u010dn\u00fdm vonkaj\u0161\u00edm podmienkam vr\u00e1tane vlhkosti, UV \u017eiarenia a in\u00fdch poveternostn\u00fdch vplyvov. Lanka s\u00fa pou\u017e\u00edvan\u00e9 ako v\u00fdplne alebo z\u00e1brany v modern\u00fdch z\u00e1bradliach pre svoje estetick\u00e9 a bezpe\u010dnostn\u00e9 vlastnosti. Nerezov\u00e9 lanko pre exteri\u00e9r je v\u010faka svojim vynikaj\u00facim vlastnostiam a \u0161irok\u00e9mu spektru pou\u017eitia univerz\u00e1lnym a praktick\u00fdm rie\u0161en\u00edm pre mnoh\u00e9 architektonick\u00e9, stavebn\u00e9 a priemyseln\u00e9 aplik\u00e1cie.<\/p>\n","protected":false},"excerpt":{"rendered":"<p>Materi\u00e1l: Nerez AISI 316, Povrchov\u00e1 \u00faprava: Natural, V\u00fdpl\u0148: Lanko, L: m, Priemer lanka: 4 mm, d: 4<\/p>\n","protected":false},"featured_media":0,"comment_status":"closed","ping_status":"open","template":"","meta":[],"product_brand":[],"product_cat":[15],"product_tag":[],"class_list":{"0":"post-7748","1":"product","2":"type-product","3":"status-publish","5":"product_cat-uncategorized","7":"first","8":"onbackorder","9":"sale","10":"purchasable","11":"product-type-simple"},"_links":{"self":[{"href":"https:\/\/aramiso-test.verteco.app\/index.php?rest_route=\/wp\/v2\/product\/7748","targetHints":{"allow":["GET"]}}],"collection":[{"href":"https:\/\/aramiso-test.verteco.app\/index.php?rest_route=\/wp\/v2\/product"}],"about":[{"href":"https:\/\/aramiso-test.verteco.app\/index.php?rest_route=\/wp\/v2\/types\/product"}],"replies":[{"embeddable":true,"href":"https:\/\/aramiso-test.verteco.app\/index.php?rest_route=%2Fwp%2Fv2%2Fcomments&post=7748"}],"wp:attachment":[{"href":"https:\/\/aramiso-test.verteco.app\/index.php?rest_route=%2Fwp%2Fv2%2Fmedia&parent=7748"}],"wp:term":[{"taxonomy":"product_brand","embeddable":true,"href":"https:\/\/aramiso-test.verteco.app\/index.php?rest_route=%2Fwp%2Fv2%2Fproduct_brand&post=7748"},{"taxonomy":"product_cat","embeddable":true,"href":"https:\/\/aramiso-test.verteco.app\/index.php?rest_route=%2Fwp%2Fv2%2Fproduct_cat&post=7748"},{"taxonomy":"product_tag","embeddable":true,"href":"https:\/\/aramiso-test.verteco.app\/index.php?rest_route=%2Fwp%2Fv2%2Fproduct_tag&post=7748"}],"curies":[{"name":"wp","href":"https:\/\/api.w.org\/{rel}","templated":true}]}}