{"id":7569,"date":"2025-10-26T12:02:19","date_gmt":"2025-10-26T12:02:19","guid":{"rendered":"https:\/\/aramiso-test.verteco.app\/?product=zaslepka-madla-solid-5"},"modified":"2025-10-26T12:02:25","modified_gmt":"2025-10-26T12:02:25","slug":"zaslepka-madla-solid-5","status":"publish","type":"product","link":"https:\/\/aramiso-test.verteco.app\/?product=zaslepka-madla-solid-5","title":{"rendered":"Z\u00e1slepka madla, solid"},"content":{"rendered":"<p>Z\u00e1slepka madla je neoddelite\u013enou s\u00fa\u010das\u0165ou modern\u00fdch stavebn\u00fdch a architektonick\u00fdch rie\u0161en\u00ed, ktor\u00e1 kombinuje funk\u010dnos\u0165, bezpe\u010dnos\u0165 a estetiku. Sl\u00fa\u017ei na zakrytie otvoren\u00fdch koncov madla, \u010d\u00edm zabezpe\u010duje estetick\u00fd vzh\u013ead a ochranu. Z\u00e1slepky madla sa pou\u017e\u00edvaj\u00fa v \u0161irokej \u0161k\u00e1le aplik\u00e1ci\u00ed, ako s\u00fa z\u00e1bradlia a madl\u00e1 na schodisk\u00e1ch, balk\u00f3noch, teras\u00e1ch, verejn\u00fdch priestoroch \u010di interi\u00e9rov\u00fdch chodb\u00e1ch. S\u00fa vhodn\u00e9 pre pou\u017eitie v interi\u00e9roch aj exteri\u00e9roch, v z\u00e1vislosti od materi\u00e1lu a povrchovej \u00fapravy. Mont\u00e1\u017e z\u00e1slepky je jednoduch\u00e1 pomocou tlakov\u00e9ho spoja, narazen\u00edm cez vr\u00fabkovanie.<\/p>\n","protected":false},"excerpt":{"rendered":"<p>Materi\u00e1l: Nerez AISI 304, Povrchov\u00e1 \u00faprava: Brus, St\u013apik: D42,4&#215;2, Madlo: D42,4&#215;2, H: 4, Phi: 42,4&#215;2,0<\/p>\n","protected":false},"featured_media":0,"comment_status":"closed","ping_status":"open","template":"","meta":[],"product_brand":[],"product_cat":[15],"product_tag":[],"class_list":{"0":"post-7569","1":"product","2":"type-product","3":"status-publish","5":"product_cat-uncategorized","7":"first","8":"onbackorder","9":"sale","10":"purchasable","11":"product-type-simple"},"_links":{"self":[{"href":"https:\/\/aramiso-test.verteco.app\/index.php?rest_route=\/wp\/v2\/product\/7569","targetHints":{"allow":["GET"]}}],"collection":[{"href":"https:\/\/aramiso-test.verteco.app\/index.php?rest_route=\/wp\/v2\/product"}],"about":[{"href":"https:\/\/aramiso-test.verteco.app\/index.php?rest_route=\/wp\/v2\/types\/product"}],"replies":[{"embeddable":true,"href":"https:\/\/aramiso-test.verteco.app\/index.php?rest_route=%2Fwp%2Fv2%2Fcomments&post=7569"}],"wp:attachment":[{"href":"https:\/\/aramiso-test.verteco.app\/index.php?rest_route=%2Fwp%2Fv2%2Fmedia&parent=7569"}],"wp:term":[{"taxonomy":"product_brand","embeddable":true,"href":"https:\/\/aramiso-test.verteco.app\/index.php?rest_route=%2Fwp%2Fv2%2Fproduct_brand&post=7569"},{"taxonomy":"product_cat","embeddable":true,"href":"https:\/\/aramiso-test.verteco.app\/index.php?rest_route=%2Fwp%2Fv2%2Fproduct_cat&post=7569"},{"taxonomy":"product_tag","embeddable":true,"href":"https:\/\/aramiso-test.verteco.app\/index.php?rest_route=%2Fwp%2Fv2%2Fproduct_tag&post=7569"}],"curies":[{"name":"wp","href":"https:\/\/api.w.org\/{rel}","templated":true}]}}