{"id":7558,"date":"2025-10-26T12:02:19","date_gmt":"2025-10-26T12:02:19","guid":{"rendered":"https:\/\/aramiso-test.verteco.app\/?product=zaslepka-s-otvorom-2"},"modified":"2025-10-26T12:02:22","modified_gmt":"2025-10-26T12:02:22","slug":"zaslepka-s-otvorom-2","status":"publish","type":"product","link":"https:\/\/aramiso-test.verteco.app\/?product=zaslepka-s-otvorom-2","title":{"rendered":"Z\u00e1slepka s otvorom"},"content":{"rendered":"<p>Nerezov\u00e9 zaslepky a pr\u00edruby sa pou\u017e\u00edvaj\u00fa aj pri v\u00fdrobe a mont\u00e1\u017ei nerezov\u00fdch z\u00e1bradl\u00ed. Pou\u017e\u00edvaj\u00fa sa na koncoch r\u00farok z\u00e1bradl\u00ed alebo na miestach, kde je potrebn\u00e9 skry\u0165 neestetick\u00e9 detaily. Tieto komponenty zabezpe\u010duj\u00fa stabilitu, bezpe\u010dnos\u0165 a estetiku z\u00e1bradl\u00ed v r\u00f4znych aplik\u00e1ci\u00e1ch, ako s\u00fa balk\u00f3ny, schodisk\u00e1 alebo terasy.<\/p>\n","protected":false},"excerpt":{"rendered":"<p>Materi\u00e1l: Nerez AISI 304, Povrchov\u00e1 \u00faprava: Brus, D: 50, d: 10,5<\/p>\n","protected":false},"featured_media":0,"comment_status":"closed","ping_status":"open","template":"","meta":[],"product_brand":[],"product_cat":[15],"product_tag":[],"class_list":{"0":"post-7558","1":"product","2":"type-product","3":"status-publish","5":"product_cat-uncategorized","7":"first","8":"onbackorder","9":"sale","10":"purchasable","11":"product-type-simple"},"_links":{"self":[{"href":"https:\/\/aramiso-test.verteco.app\/index.php?rest_route=\/wp\/v2\/product\/7558","targetHints":{"allow":["GET"]}}],"collection":[{"href":"https:\/\/aramiso-test.verteco.app\/index.php?rest_route=\/wp\/v2\/product"}],"about":[{"href":"https:\/\/aramiso-test.verteco.app\/index.php?rest_route=\/wp\/v2\/types\/product"}],"replies":[{"embeddable":true,"href":"https:\/\/aramiso-test.verteco.app\/index.php?rest_route=%2Fwp%2Fv2%2Fcomments&post=7558"}],"wp:attachment":[{"href":"https:\/\/aramiso-test.verteco.app\/index.php?rest_route=%2Fwp%2Fv2%2Fmedia&parent=7558"}],"wp:term":[{"taxonomy":"product_brand","embeddable":true,"href":"https:\/\/aramiso-test.verteco.app\/index.php?rest_route=%2Fwp%2Fv2%2Fproduct_brand&post=7558"},{"taxonomy":"product_cat","embeddable":true,"href":"https:\/\/aramiso-test.verteco.app\/index.php?rest_route=%2Fwp%2Fv2%2Fproduct_cat&post=7558"},{"taxonomy":"product_tag","embeddable":true,"href":"https:\/\/aramiso-test.verteco.app\/index.php?rest_route=%2Fwp%2Fv2%2Fproduct_tag&post=7558"}],"curies":[{"name":"wp","href":"https:\/\/api.w.org\/{rel}","templated":true}]}}