{"id":7505,"date":"2025-10-26T12:02:07","date_gmt":"2025-10-26T12:02:07","guid":{"rendered":"https:\/\/aramiso-test.verteco.app\/?product=difuzor-pre-led-profil-milk"},"modified":"2025-10-26T12:02:09","modified_gmt":"2025-10-26T12:02:09","slug":"difuzor-pre-led-profil-milk","status":"publish","type":"product","link":"https:\/\/aramiso-test.verteco.app\/?product=difuzor-pre-led-profil-milk","title":{"rendered":"Dif\u00fazor pre LED profil, milk"},"content":{"rendered":"<p>Dif\u00fazor pre hlin\u00edkov\u00fd LED profil (mlie\u010dny) , pre profily s dutinou 23x24mm, d\u013a\u017eka 2,5m<\/p>\n","protected":false},"excerpt":{"rendered":"<p>Materi\u00e1l: PVC, Povrchov\u00e1 \u00faprava: Mlie\u010dne, L: 2500<\/p>\n","protected":false},"featured_media":0,"comment_status":"closed","ping_status":"open","template":"","meta":[],"product_brand":[],"product_cat":[15],"product_tag":[],"class_list":{"0":"post-7505","1":"product","2":"type-product","3":"status-publish","5":"product_cat-uncategorized","7":"first","8":"onbackorder","9":"sale","10":"purchasable","11":"product-type-simple"},"_links":{"self":[{"href":"https:\/\/aramiso-test.verteco.app\/index.php?rest_route=\/wp\/v2\/product\/7505","targetHints":{"allow":["GET"]}}],"collection":[{"href":"https:\/\/aramiso-test.verteco.app\/index.php?rest_route=\/wp\/v2\/product"}],"about":[{"href":"https:\/\/aramiso-test.verteco.app\/index.php?rest_route=\/wp\/v2\/types\/product"}],"replies":[{"embeddable":true,"href":"https:\/\/aramiso-test.verteco.app\/index.php?rest_route=%2Fwp%2Fv2%2Fcomments&post=7505"}],"wp:attachment":[{"href":"https:\/\/aramiso-test.verteco.app\/index.php?rest_route=%2Fwp%2Fv2%2Fmedia&parent=7505"}],"wp:term":[{"taxonomy":"product_brand","embeddable":true,"href":"https:\/\/aramiso-test.verteco.app\/index.php?rest_route=%2Fwp%2Fv2%2Fproduct_brand&post=7505"},{"taxonomy":"product_cat","embeddable":true,"href":"https:\/\/aramiso-test.verteco.app\/index.php?rest_route=%2Fwp%2Fv2%2Fproduct_cat&post=7505"},{"taxonomy":"product_tag","embeddable":true,"href":"https:\/\/aramiso-test.verteco.app\/index.php?rest_route=%2Fwp%2Fv2%2Fproduct_tag&post=7505"}],"curies":[{"name":"wp","href":"https:\/\/api.w.org\/{rel}","templated":true}]}}