{"id":14066,"date":"2025-10-26T12:56:32","date_gmt":"2025-10-26T12:56:32","guid":{"rendered":"https:\/\/aramiso-test.verteco.app\/?product=pohyblivy-hlinikovy-system-vertikalny-zaluziovy-par-lavy-pravy-4"},"modified":"2025-10-26T12:56:33","modified_gmt":"2025-10-26T12:56:33","slug":"pohyblivy-hlinikovy-system-vertikalny-zaluziovy-par-lavy-pravy-4","status":"publish","type":"product","link":"https:\/\/aramiso-test.verteco.app\/?product=pohyblivy-hlinikovy-system-vertikalny-zaluziovy-par-lavy-pravy-4","title":{"rendered":"Pohybliv\u00fd hlin\u00edkov\u00fd syst\u00e9m &#8211; vertik\u00e1lny, \u017eal\u00faziov\u00fd &#8211; p\u00e1r (\u013eav\u00fd + prav\u00fd)"},"content":{"rendered":"","protected":false},"excerpt":{"rendered":"<p>Materi\u00e1l: Hlin\u00edk, Povrchov\u00e1 \u00faprava: Pr\u00e1\u0161kovan\u00fd, Vzh\u013ead: Hned\u00e1 RAL 8017, L: 1090<\/p>\n","protected":false},"featured_media":0,"comment_status":"closed","ping_status":"open","template":"","meta":[],"product_brand":[],"product_cat":[15],"product_tag":[],"class_list":{"0":"post-14066","1":"product","2":"type-product","3":"status-publish","5":"product_cat-uncategorized","7":"first","8":"onbackorder","9":"purchasable","10":"product-type-simple"},"_links":{"self":[{"href":"https:\/\/aramiso-test.verteco.app\/index.php?rest_route=\/wp\/v2\/product\/14066","targetHints":{"allow":["GET"]}}],"collection":[{"href":"https:\/\/aramiso-test.verteco.app\/index.php?rest_route=\/wp\/v2\/product"}],"about":[{"href":"https:\/\/aramiso-test.verteco.app\/index.php?rest_route=\/wp\/v2\/types\/product"}],"replies":[{"embeddable":true,"href":"https:\/\/aramiso-test.verteco.app\/index.php?rest_route=%2Fwp%2Fv2%2Fcomments&post=14066"}],"wp:attachment":[{"href":"https:\/\/aramiso-test.verteco.app\/index.php?rest_route=%2Fwp%2Fv2%2Fmedia&parent=14066"}],"wp:term":[{"taxonomy":"product_brand","embeddable":true,"href":"https:\/\/aramiso-test.verteco.app\/index.php?rest_route=%2Fwp%2Fv2%2Fproduct_brand&post=14066"},{"taxonomy":"product_cat","embeddable":true,"href":"https:\/\/aramiso-test.verteco.app\/index.php?rest_route=%2Fwp%2Fv2%2Fproduct_cat&post=14066"},{"taxonomy":"product_tag","embeddable":true,"href":"https:\/\/aramiso-test.verteco.app\/index.php?rest_route=%2Fwp%2Fv2%2Fproduct_tag&post=14066"}],"curies":[{"name":"wp","href":"https:\/\/api.w.org\/{rel}","templated":true}]}}