{"id":13809,"date":"2025-08-03T13:32:12","date_gmt":"2025-08-03T13:32:12","guid":{"rendered":"https:\/\/aramiso-test.verteco.app\/?product=matica-predlzovacia-valcova-aisi304-m10x25"},"modified":"2025-08-03T13:32:18","modified_gmt":"2025-08-03T13:32:18","slug":"matica-predlzovacia-valcova-aisi304-m10x25","status":"publish","type":"product","link":"https:\/\/aramiso-test.verteco.app\/?product=matica-predlzovacia-valcova-aisi304-m10x25","title":{"rendered":"Matica predl\u017eovacia valcov\u00e1, AISI304, M10x25"},"content":{"rendered":"<p>Tieto matice sa zvy\u010dajne pou\u017e\u00edvaj\u00fa na spojenie dvoch \u010dast\u00ed s vonkaj\u0161\u00edm z\u00e1vitom dohromady, \u010d\u00edm poskytuj\u00fa ich bezpe\u010dn\u00e9 spojenie ako napr\u00edklad nap\u00ednaky pre lankov\u00fd syst\u00e9m, pri mont\u00e1\u017ei vzduchotechniky v drev\u00e1rskom a n\u00e1bytk\u00e1rskom priemysle.<br \/>\nCelkovo poskytuj\u00fa spojovacie matice DIN 6334 v\u0161estrann\u00e9 rie\u0161enie na bezpe\u010dn\u00e9 sp\u00e1janie z\u00e1vitov\u00fdch komponentov v \u0161irokej \u0161k\u00e1le aplik\u00e1ci\u00ed v r\u00f4znych odvetviach.<\/p>\n","protected":false},"excerpt":{"rendered":"<p>Materi\u00e1l: Nerez AISI 304, Povrchov\u00e1 \u00faprava: Natural, L: 25, M: 10<\/p>\n","protected":false},"featured_media":0,"comment_status":"closed","ping_status":"open","template":"","meta":[],"product_brand":[],"product_cat":[15],"product_tag":[],"class_list":{"0":"post-13809","1":"product","2":"type-product","3":"status-publish","5":"product_cat-uncategorized","7":"first","8":"onbackorder","9":"sale","10":"purchasable","11":"product-type-simple"},"_links":{"self":[{"href":"https:\/\/aramiso-test.verteco.app\/index.php?rest_route=\/wp\/v2\/product\/13809","targetHints":{"allow":["GET"]}}],"collection":[{"href":"https:\/\/aramiso-test.verteco.app\/index.php?rest_route=\/wp\/v2\/product"}],"about":[{"href":"https:\/\/aramiso-test.verteco.app\/index.php?rest_route=\/wp\/v2\/types\/product"}],"replies":[{"embeddable":true,"href":"https:\/\/aramiso-test.verteco.app\/index.php?rest_route=%2Fwp%2Fv2%2Fcomments&post=13809"}],"wp:attachment":[{"href":"https:\/\/aramiso-test.verteco.app\/index.php?rest_route=%2Fwp%2Fv2%2Fmedia&parent=13809"}],"wp:term":[{"taxonomy":"product_brand","embeddable":true,"href":"https:\/\/aramiso-test.verteco.app\/index.php?rest_route=%2Fwp%2Fv2%2Fproduct_brand&post=13809"},{"taxonomy":"product_cat","embeddable":true,"href":"https:\/\/aramiso-test.verteco.app\/index.php?rest_route=%2Fwp%2Fv2%2Fproduct_cat&post=13809"},{"taxonomy":"product_tag","embeddable":true,"href":"https:\/\/aramiso-test.verteco.app\/index.php?rest_route=%2Fwp%2Fv2%2Fproduct_tag&post=13809"}],"curies":[{"name":"wp","href":"https:\/\/api.w.org\/{rel}","templated":true}]}}