{"id":13692,"date":"2025-08-03T13:30:21","date_gmt":"2025-08-03T13:30:21","guid":{"rendered":"https:\/\/aramiso-test.verteco.app\/?product=skrutka-so-zapustnou-hlavou-s-vnutor-sesthranom-aisi316-m8x120"},"modified":"2025-08-03T13:30:29","modified_gmt":"2025-08-03T13:30:29","slug":"skrutka-so-zapustnou-hlavou-s-vnutor-sesthranom-aisi316-m8x120","status":"publish","type":"product","link":"https:\/\/aramiso-test.verteco.app\/?product=skrutka-so-zapustnou-hlavou-s-vnutor-sesthranom-aisi316-m8x120","title":{"rendered":"Skrutka so z\u00e1pustnou hlavou s vn\u00fator.\u0161es\u0165hranom, AISI316, M8x120"},"content":{"rendered":"<p>DIN 7991 je \u0161tandard pre skrutky so z\u00e1pustnou hlavou.<br \/>\nTieto skrutky maj\u00fa ploch\u00fd vrch s k\u00f3nickou dosadaciou plochou a zapusten\u00fd \u0161es\u0165hrann\u00fd otvor.<br \/>\nBe\u017ene sa pou\u017e\u00edvaj\u00fa v aplik\u00e1ci\u00e1ch, kde sa po\u017eaduje hladk\u00fd, rovn\u00fd povrch ako s\u00fa mont\u00e1\u017ee nerezov\u00fdch z\u00e1bradl\u00ed, mont\u00e1\u017ee strojov, zariaden\u00ed a automobilov\u00e9 komponenty.<br \/>\nS\u00fa taktie\u017e vhodn\u00e9 pre \u0161irok\u00fa \u0161k\u00e1lu priemyseln\u00fdch odvetv\u00ed a aplik\u00e1ci\u00ed.<\/p>\n","protected":false},"excerpt":{"rendered":"<p>Materi\u00e1l: Nerez AISI 316, Povrchov\u00e1 \u00faprava: Natural, L: 120, M: 8<\/p>\n","protected":false},"featured_media":0,"comment_status":"closed","ping_status":"open","template":"","meta":[],"product_brand":[],"product_cat":[15],"product_tag":[],"class_list":{"0":"post-13692","1":"product","2":"type-product","3":"status-publish","5":"product_cat-uncategorized","7":"first","8":"onbackorder","9":"sale","10":"purchasable","11":"product-type-simple"},"_links":{"self":[{"href":"https:\/\/aramiso-test.verteco.app\/index.php?rest_route=\/wp\/v2\/product\/13692","targetHints":{"allow":["GET"]}}],"collection":[{"href":"https:\/\/aramiso-test.verteco.app\/index.php?rest_route=\/wp\/v2\/product"}],"about":[{"href":"https:\/\/aramiso-test.verteco.app\/index.php?rest_route=\/wp\/v2\/types\/product"}],"replies":[{"embeddable":true,"href":"https:\/\/aramiso-test.verteco.app\/index.php?rest_route=%2Fwp%2Fv2%2Fcomments&post=13692"}],"wp:attachment":[{"href":"https:\/\/aramiso-test.verteco.app\/index.php?rest_route=%2Fwp%2Fv2%2Fmedia&parent=13692"}],"wp:term":[{"taxonomy":"product_brand","embeddable":true,"href":"https:\/\/aramiso-test.verteco.app\/index.php?rest_route=%2Fwp%2Fv2%2Fproduct_brand&post=13692"},{"taxonomy":"product_cat","embeddable":true,"href":"https:\/\/aramiso-test.verteco.app\/index.php?rest_route=%2Fwp%2Fv2%2Fproduct_cat&post=13692"},{"taxonomy":"product_tag","embeddable":true,"href":"https:\/\/aramiso-test.verteco.app\/index.php?rest_route=%2Fwp%2Fv2%2Fproduct_tag&post=13692"}],"curies":[{"name":"wp","href":"https:\/\/api.w.org\/{rel}","templated":true}]}}