{"id":13435,"date":"2025-10-26T12:52:51","date_gmt":"2025-10-26T12:52:51","guid":{"rendered":"https:\/\/aramiso-test.verteco.app\/?product=zaves-na-tazke-brany-s-nastavitelnou-pruzinou"},"modified":"2025-10-26T12:52:51","modified_gmt":"2025-10-26T12:52:51","slug":"zaves-na-tazke-brany-s-nastavitelnou-pruzinou","status":"publish","type":"product","link":"https:\/\/aramiso-test.verteco.app\/?product=zaves-na-tazke-brany-s-nastavitelnou-pruzinou","title":{"rendered":"Z\u00e1ves na \u0165a\u017ek\u00e9 br\u00e1ny, s nastavite\u013enou pru\u017einou"},"content":{"rendered":"","protected":false},"excerpt":{"rendered":"<p>Materi\u00e1l: Polym\u00e9r so sklenen\u00fdm vl\u00e1knom, Povrchov\u00e1 \u00faprava: Natural, Zna\u010dka: SAFETECH, Hmotnos\u0165 br\u00e1ny Gmax\/Goptimal (kg): 480<\/p>\n","protected":false},"featured_media":0,"comment_status":"closed","ping_status":"open","template":"","meta":[],"product_brand":[],"product_cat":[15],"product_tag":[],"class_list":{"0":"post-13435","1":"product","2":"type-product","3":"status-publish","5":"product_cat-uncategorized","7":"first","8":"instock","9":"sale","10":"purchasable","11":"product-type-simple"},"_links":{"self":[{"href":"https:\/\/aramiso-test.verteco.app\/index.php?rest_route=\/wp\/v2\/product\/13435","targetHints":{"allow":["GET"]}}],"collection":[{"href":"https:\/\/aramiso-test.verteco.app\/index.php?rest_route=\/wp\/v2\/product"}],"about":[{"href":"https:\/\/aramiso-test.verteco.app\/index.php?rest_route=\/wp\/v2\/types\/product"}],"replies":[{"embeddable":true,"href":"https:\/\/aramiso-test.verteco.app\/index.php?rest_route=%2Fwp%2Fv2%2Fcomments&post=13435"}],"wp:attachment":[{"href":"https:\/\/aramiso-test.verteco.app\/index.php?rest_route=%2Fwp%2Fv2%2Fmedia&parent=13435"}],"wp:term":[{"taxonomy":"product_brand","embeddable":true,"href":"https:\/\/aramiso-test.verteco.app\/index.php?rest_route=%2Fwp%2Fv2%2Fproduct_brand&post=13435"},{"taxonomy":"product_cat","embeddable":true,"href":"https:\/\/aramiso-test.verteco.app\/index.php?rest_route=%2Fwp%2Fv2%2Fproduct_cat&post=13435"},{"taxonomy":"product_tag","embeddable":true,"href":"https:\/\/aramiso-test.verteco.app\/index.php?rest_route=%2Fwp%2Fv2%2Fproduct_tag&post=13435"}],"curies":[{"name":"wp","href":"https:\/\/api.w.org\/{rel}","templated":true}]}}