{"id":13066,"date":"2025-10-26T12:48:53","date_gmt":"2025-10-26T12:48:53","guid":{"rendered":"https:\/\/aramiso-test.verteco.app\/?product=pant-pre-sklenene-dvere-90stup-swingpro-6"},"modified":"2025-10-26T12:49:01","modified_gmt":"2025-10-26T12:49:01","slug":"pant-pre-sklenene-dvere-90stup-swingpro-6","status":"publish","type":"product","link":"https:\/\/aramiso-test.verteco.app\/?product=pant-pre-sklenene-dvere-90stup-swingpro-6","title":{"rendered":"P\u00e1nt pre sklenen\u00e9 dvere +\/- 90stup SwingPro"},"content":{"rendered":"","protected":false},"excerpt":{"rendered":"<p>Materi\u00e1l: Mosadz, Povrchov\u00e1 \u00faprava: Lesk, Glass t: 6-12, Gmax(kg)\/2pcs: 35, Funkcia nulov\u00e9ho bodu: \u00c1no, Funkcia samozatv\u00e1rania: +-25\u00b0, Funkcia stop: +-90\u00b0\/0\u00b0<\/p>\n","protected":false},"featured_media":0,"comment_status":"closed","ping_status":"open","template":"","meta":[],"product_brand":[],"product_cat":[15],"product_tag":[],"class_list":{"0":"post-13066","1":"product","2":"type-product","3":"status-publish","5":"product_cat-uncategorized","7":"first","8":"onbackorder","9":"sale","10":"purchasable","11":"product-type-simple"},"_links":{"self":[{"href":"https:\/\/aramiso-test.verteco.app\/index.php?rest_route=\/wp\/v2\/product\/13066","targetHints":{"allow":["GET"]}}],"collection":[{"href":"https:\/\/aramiso-test.verteco.app\/index.php?rest_route=\/wp\/v2\/product"}],"about":[{"href":"https:\/\/aramiso-test.verteco.app\/index.php?rest_route=\/wp\/v2\/types\/product"}],"replies":[{"embeddable":true,"href":"https:\/\/aramiso-test.verteco.app\/index.php?rest_route=%2Fwp%2Fv2%2Fcomments&post=13066"}],"wp:attachment":[{"href":"https:\/\/aramiso-test.verteco.app\/index.php?rest_route=%2Fwp%2Fv2%2Fmedia&parent=13066"}],"wp:term":[{"taxonomy":"product_brand","embeddable":true,"href":"https:\/\/aramiso-test.verteco.app\/index.php?rest_route=%2Fwp%2Fv2%2Fproduct_brand&post=13066"},{"taxonomy":"product_cat","embeddable":true,"href":"https:\/\/aramiso-test.verteco.app\/index.php?rest_route=%2Fwp%2Fv2%2Fproduct_cat&post=13066"},{"taxonomy":"product_tag","embeddable":true,"href":"https:\/\/aramiso-test.verteco.app\/index.php?rest_route=%2Fwp%2Fv2%2Fproduct_tag&post=13066"}],"curies":[{"name":"wp","href":"https:\/\/api.w.org\/{rel}","templated":true}]}}