{"id":12999,"date":"2025-10-26T12:48:30","date_gmt":"2025-10-26T12:48:30","guid":{"rendered":"https:\/\/aramiso-test.verteco.app\/?product=zalozna-bateria-s-dobijanim-nice-24v-12ah"},"modified":"2025-10-26T12:48:35","modified_gmt":"2025-10-26T12:48:35","slug":"zalozna-bateria-s-dobijanim-nice-24v-12ah","status":"publish","type":"product","link":"https:\/\/aramiso-test.verteco.app\/?product=zalozna-bateria-s-dobijanim-nice-24v-12ah","title":{"rendered":"Z\u00e1lo\u017en\u00e1 bat\u00e9ria s dob\u00edjan\u00edm NICE 24V, 1,2Ah"},"content":{"rendered":"<p>Zabezpe\u010denie n\u00fadzovej prev\u00e1dzky pomocou z\u00e1lo\u017en\u00e9ho z\u00e1suvn\u00e9ho 24 V akumul\u00e1tora s dob\u00edjacou kartou. V pr\u00edpade v\u00fdpadku elektrick\u00e9ho pr\u00fadu t\u00e1to karta prepne prev\u00e1dzku elektroniky a t\u00fdm cel\u00e9ho syst\u00e9mu na akumul\u00e1tor. Vysta\u010d\u00ed na cca 10 kompletn\u00fdch cyklov. Ur\u010den\u00e9 pre pohony a elektroniky pohonov: HOPP, HYKE, MC424 elektroniku v sad\u00e1ch s motormi 24V SFAB, MC424 elektroniku v sad\u00e1ch s motormi 24V WINGO, MC424 elektroniku v sad\u00e1ch s motormi 24V X-METRO, NAKED SLIDING 400, POPKIT , ROAD, ROBUS, RUN 1500, SLIGHT, SOON, SPIN23, SPIN40, S-BAR, a radu TECHNOCITY MHOUSE. Elektroniku s p\u0159ipojen\u00fdm IT4WIFI nelze z\u00e1lohovat (PS-124).<\/p>\n","protected":false},"excerpt":{"rendered":"<p>Zna\u010dka: Nice<\/p>\n","protected":false},"featured_media":0,"comment_status":"closed","ping_status":"open","template":"","meta":[],"product_brand":[],"product_cat":[15],"product_tag":[],"class_list":{"0":"post-12999","1":"product","2":"type-product","3":"status-publish","5":"product_cat-uncategorized","7":"first","8":"onbackorder","9":"sale","10":"purchasable","11":"product-type-simple"},"_links":{"self":[{"href":"https:\/\/aramiso-test.verteco.app\/index.php?rest_route=\/wp\/v2\/product\/12999","targetHints":{"allow":["GET"]}}],"collection":[{"href":"https:\/\/aramiso-test.verteco.app\/index.php?rest_route=\/wp\/v2\/product"}],"about":[{"href":"https:\/\/aramiso-test.verteco.app\/index.php?rest_route=\/wp\/v2\/types\/product"}],"replies":[{"embeddable":true,"href":"https:\/\/aramiso-test.verteco.app\/index.php?rest_route=%2Fwp%2Fv2%2Fcomments&post=12999"}],"wp:attachment":[{"href":"https:\/\/aramiso-test.verteco.app\/index.php?rest_route=%2Fwp%2Fv2%2Fmedia&parent=12999"}],"wp:term":[{"taxonomy":"product_brand","embeddable":true,"href":"https:\/\/aramiso-test.verteco.app\/index.php?rest_route=%2Fwp%2Fv2%2Fproduct_brand&post=12999"},{"taxonomy":"product_cat","embeddable":true,"href":"https:\/\/aramiso-test.verteco.app\/index.php?rest_route=%2Fwp%2Fv2%2Fproduct_cat&post=12999"},{"taxonomy":"product_tag","embeddable":true,"href":"https:\/\/aramiso-test.verteco.app\/index.php?rest_route=%2Fwp%2Fv2%2Fproduct_tag&post=12999"}],"curies":[{"name":"wp","href":"https:\/\/api.w.org\/{rel}","templated":true}]}}