{"id":12435,"date":"2025-10-26T12:44:23","date_gmt":"2025-10-26T12:44:23","guid":{"rendered":"https:\/\/aramiso-test.verteco.app\/?product=presklena-strieska-hlinik-profil-100x80mm-2-eta"},"modified":"2025-10-26T12:44:26","modified_gmt":"2025-10-26T12:44:26","slug":"presklena-strieska-hlinik-profil-100x80mm-2-eta","status":"publish","type":"product","link":"https:\/\/aramiso-test.verteco.app\/?product=presklena-strieska-hlinik-profil-100x80mm-2-eta","title":{"rendered":"Presklen\u00e1 strie\u0161ka hlin\u00edk profil 100x80mm +2\u00b0 ETA"},"content":{"rendered":"<p>Presklen\u00e1 strie\u0161ka hlin\u00edk pre bezpe\u010dnostv\u00e9 sklo lepen\u00e9  16,76 &#8211; 17,52, zata\u017eenie 2kN\/m2, samonosn\u00e9 sklo bez v\u0155tania bezpe\u010dnostn\u00fdch otvorov. Hlin\u00edkov\u00e1 li\u0161ta pre sklenen\u00fd pr\u00edstre\u0161ok dod\u00e1van\u00e1 bez skla. Sada obsahuje profil, z\u00e1slepky, tesnenie a potrebn\u00e9 diely pre kone\u010dn\u00fa mont\u00e1\u017e skla.<\/p>\n<p><iframe width=\"560\" height=\"315\" src=\"https:\/\/www.youtube.com\/embed\/Kdz9jYlWnt8\" title=\"YouTube video player\" frameborder=\"0\" allow=\"accelerometer; autoplay; clipboard-write; encrypted-media; gyroscope; picture-in-picture\" allowfullscreen><\/iframe><\/p>\n","protected":false},"excerpt":{"rendered":"<p>Materi\u00e1l: Hlin\u00edk, Povrchov\u00e1 \u00faprava: Eloxovan\u00fd, Glass t: 16,76-17,52, L: 3000, Kotvenie: Na stenu, LED: \u00c1no, Quality: VSG\/TVG, G\/h kN: 2<\/p>\n","protected":false},"featured_media":0,"comment_status":"closed","ping_status":"open","template":"","meta":[],"product_brand":[],"product_cat":[15],"product_tag":[],"class_list":{"0":"post-12435","1":"product","2":"type-product","3":"status-publish","5":"product_cat-uncategorized","7":"first","8":"onbackorder","9":"sale","10":"purchasable","11":"product-type-simple"},"_links":{"self":[{"href":"https:\/\/aramiso-test.verteco.app\/index.php?rest_route=\/wp\/v2\/product\/12435","targetHints":{"allow":["GET"]}}],"collection":[{"href":"https:\/\/aramiso-test.verteco.app\/index.php?rest_route=\/wp\/v2\/product"}],"about":[{"href":"https:\/\/aramiso-test.verteco.app\/index.php?rest_route=\/wp\/v2\/types\/product"}],"replies":[{"embeddable":true,"href":"https:\/\/aramiso-test.verteco.app\/index.php?rest_route=%2Fwp%2Fv2%2Fcomments&post=12435"}],"wp:attachment":[{"href":"https:\/\/aramiso-test.verteco.app\/index.php?rest_route=%2Fwp%2Fv2%2Fmedia&parent=12435"}],"wp:term":[{"taxonomy":"product_brand","embeddable":true,"href":"https:\/\/aramiso-test.verteco.app\/index.php?rest_route=%2Fwp%2Fv2%2Fproduct_brand&post=12435"},{"taxonomy":"product_cat","embeddable":true,"href":"https:\/\/aramiso-test.verteco.app\/index.php?rest_route=%2Fwp%2Fv2%2Fproduct_cat&post=12435"},{"taxonomy":"product_tag","embeddable":true,"href":"https:\/\/aramiso-test.verteco.app\/index.php?rest_route=%2Fwp%2Fv2%2Fproduct_tag&post=12435"}],"curies":[{"name":"wp","href":"https:\/\/api.w.org\/{rel}","templated":true}]}}