{"id":12422,"date":"2025-08-03T13:02:53","date_gmt":"2025-08-03T13:02:53","guid":{"rendered":"https:\/\/aramiso-test.verteco.app\/?product=presklena-strieska-hlinik-profil-2"},"modified":"2025-08-03T13:02:58","modified_gmt":"2025-08-03T13:02:58","slug":"presklena-strieska-hlinik-profil-2","status":"publish","type":"product","link":"https:\/\/aramiso-test.verteco.app\/?product=presklena-strieska-hlinik-profil-2","title":{"rendered":"Presklen\u00e1 strie\u0161ka hlin\u00edk profil"},"content":{"rendered":"<p>Presklen\u00e1 strie\u0161ka hlin\u00edk pre bezpe\u010dnostn\u00e9 sklo lepen\u00e9 12,76-13,52 \/ 16,76-17,52 \/ 20,76-21,52. Sada obsahuje hlin\u00edkov\u00fd profil vo farbe RAL7016, z\u00e1slepky vo farbe RAL7016, kryt vo farbe RAL7016, tesnenie a potrebn\u00e9 diely pre kone\u010dn\u00fa mont\u00e1\u017e skla. Hlin\u00edkov\u00e1 li\u0161ta pre sklenen\u00fd pr\u00edstre\u0161ok dod\u00e1van\u00e1 bez skla a kotviaceho materi\u00e1lu.<\/p>\n","protected":false},"excerpt":{"rendered":"<p>Materi\u00e1l: Hlin\u00edk\/EPDM\/Plast, Povrchov\u00e1 \u00faprava: Pr\u00e1\u0161kovan\u00fd, Glass t: 12,76-13,52\/16,76-17,52\/20,76-21,52, Vzh\u013ead: Antracit RAL7016, L: 1500, G\/h kN: 1,5<\/p>\n","protected":false},"featured_media":0,"comment_status":"closed","ping_status":"open","template":"","meta":[],"product_brand":[],"product_cat":[15],"product_tag":[],"class_list":{"0":"post-12422","1":"product","2":"type-product","3":"status-publish","5":"product_cat-uncategorized","7":"first","8":"instock","9":"sale","10":"purchasable","11":"product-type-simple"},"_links":{"self":[{"href":"https:\/\/aramiso-test.verteco.app\/index.php?rest_route=\/wp\/v2\/product\/12422","targetHints":{"allow":["GET"]}}],"collection":[{"href":"https:\/\/aramiso-test.verteco.app\/index.php?rest_route=\/wp\/v2\/product"}],"about":[{"href":"https:\/\/aramiso-test.verteco.app\/index.php?rest_route=\/wp\/v2\/types\/product"}],"replies":[{"embeddable":true,"href":"https:\/\/aramiso-test.verteco.app\/index.php?rest_route=%2Fwp%2Fv2%2Fcomments&post=12422"}],"wp:attachment":[{"href":"https:\/\/aramiso-test.verteco.app\/index.php?rest_route=%2Fwp%2Fv2%2Fmedia&parent=12422"}],"wp:term":[{"taxonomy":"product_brand","embeddable":true,"href":"https:\/\/aramiso-test.verteco.app\/index.php?rest_route=%2Fwp%2Fv2%2Fproduct_brand&post=12422"},{"taxonomy":"product_cat","embeddable":true,"href":"https:\/\/aramiso-test.verteco.app\/index.php?rest_route=%2Fwp%2Fv2%2Fproduct_cat&post=12422"},{"taxonomy":"product_tag","embeddable":true,"href":"https:\/\/aramiso-test.verteco.app\/index.php?rest_route=%2Fwp%2Fv2%2Fproduct_tag&post=12422"}],"curies":[{"name":"wp","href":"https:\/\/api.w.org\/{rel}","templated":true}]}}