{"id":12358,"date":"2025-08-03T13:02:02","date_gmt":"2025-08-03T13:02:02","guid":{"rendered":"https:\/\/aramiso-test.verteco.app\/?product=zamkova-krabica-k-zamku-h-36-20a-jp40x40mm"},"modified":"2025-08-03T13:02:04","modified_gmt":"2025-08-03T13:02:04","slug":"zamkova-krabica-k-zamku-h-36-20a-jp40x40mm","status":"publish","type":"product","link":"https:\/\/aramiso-test.verteco.app\/?product=zamkova-krabica-k-zamku-h-36-20a-jp40x40mm","title":{"rendered":"Z\u00e1mkov\u00e1 krabica k z\u00e1mku H\/36-20A, JP40x40mm"},"content":{"rendered":"<p>Z\u00e1mkov\u00e1 krabica k z\u00e1mku <a title=\"H\/36-20A\" href=\"https:\/\/umakov.sk\/zamok-pre-posuvne-brany-s-protikusom-130-x-34-mm-5fb055ad78da73001c9879f4\">H\/36-20A<\/a> <\/p>\n","protected":false},"excerpt":{"rendered":"<p>Materi\u00e1l: Oce\u013e, Povrchov\u00e1 \u00faprava: Natural<\/p>\n","protected":false},"featured_media":0,"comment_status":"closed","ping_status":"open","template":"","meta":[],"product_brand":[],"product_cat":[15],"product_tag":[],"class_list":{"0":"post-12358","1":"product","2":"type-product","3":"status-publish","5":"product_cat-uncategorized","7":"first","8":"onbackorder","9":"sale","10":"purchasable","11":"product-type-simple"},"_links":{"self":[{"href":"https:\/\/aramiso-test.verteco.app\/index.php?rest_route=\/wp\/v2\/product\/12358","targetHints":{"allow":["GET"]}}],"collection":[{"href":"https:\/\/aramiso-test.verteco.app\/index.php?rest_route=\/wp\/v2\/product"}],"about":[{"href":"https:\/\/aramiso-test.verteco.app\/index.php?rest_route=\/wp\/v2\/types\/product"}],"replies":[{"embeddable":true,"href":"https:\/\/aramiso-test.verteco.app\/index.php?rest_route=%2Fwp%2Fv2%2Fcomments&post=12358"}],"wp:attachment":[{"href":"https:\/\/aramiso-test.verteco.app\/index.php?rest_route=%2Fwp%2Fv2%2Fmedia&parent=12358"}],"wp:term":[{"taxonomy":"product_brand","embeddable":true,"href":"https:\/\/aramiso-test.verteco.app\/index.php?rest_route=%2Fwp%2Fv2%2Fproduct_brand&post=12358"},{"taxonomy":"product_cat","embeddable":true,"href":"https:\/\/aramiso-test.verteco.app\/index.php?rest_route=%2Fwp%2Fv2%2Fproduct_cat&post=12358"},{"taxonomy":"product_tag","embeddable":true,"href":"https:\/\/aramiso-test.verteco.app\/index.php?rest_route=%2Fwp%2Fv2%2Fproduct_tag&post=12358"}],"curies":[{"name":"wp","href":"https:\/\/api.w.org\/{rel}","templated":true}]}}