{"id":12351,"date":"2025-10-26T12:44:02","date_gmt":"2025-10-26T12:44:02","guid":{"rendered":"https:\/\/aramiso-test.verteco.app\/?product=krabica-so-zamkom-pre-posuvnu-branu-jp40x40"},"modified":"2025-10-26T12:44:03","modified_gmt":"2025-10-26T12:44:03","slug":"krabica-so-zamkom-pre-posuvnu-branu-jp40x40","status":"publish","type":"product","link":"https:\/\/aramiso-test.verteco.app\/?product=krabica-so-zamkom-pre-posuvnu-branu-jp40x40","title":{"rendered":"Krabica so z\u00e1mkom pre posuvn\u00fa br\u00e1nu, JP40x40"},"content":{"rendered":"<p>Z\u00e1mkov\u00e1 krabica komplet s h\u00e1kov\u00fdm z\u00e1mkom bez k\u013eu\u010dky pre posuvn\u00fa br\u00e1nu.<br \/>\nT\u00e1to z\u00e1mkov\u00e1 krabica je vyroben\u00e1 bez ak\u00e9hoko\u013evek razenia z oce\u013eov\u00e9ho profilu 40\u00d740 valcovan\u00e9ho za tepla. Je negalvanizovan\u00e1, nelakovan\u00e1.<br \/>\nDiely produktu:<br \/>\nKazeta &#8211; 1 ks<br \/>\nZ\u00e1mok &#8211; 1 ks<br \/>\nSkrutky z nehrdzavej\u00facej ocele \u2013 2 ks<\/p>\n<p>Rozmery produktu:<br \/>\n40x40x260mm<\/p>\n","protected":false},"excerpt":{"rendered":"<p>Materi\u00e1l: Oce\u013e, Povrchov\u00e1 \u00faprava: Natural<\/p>\n","protected":false},"featured_media":0,"comment_status":"closed","ping_status":"open","template":"","meta":[],"product_brand":[],"product_cat":[15],"product_tag":[],"class_list":{"0":"post-12351","1":"product","2":"type-product","3":"status-publish","5":"product_cat-uncategorized","7":"first","8":"instock","9":"sale","10":"purchasable","11":"product-type-simple"},"_links":{"self":[{"href":"https:\/\/aramiso-test.verteco.app\/index.php?rest_route=\/wp\/v2\/product\/12351","targetHints":{"allow":["GET"]}}],"collection":[{"href":"https:\/\/aramiso-test.verteco.app\/index.php?rest_route=\/wp\/v2\/product"}],"about":[{"href":"https:\/\/aramiso-test.verteco.app\/index.php?rest_route=\/wp\/v2\/types\/product"}],"replies":[{"embeddable":true,"href":"https:\/\/aramiso-test.verteco.app\/index.php?rest_route=%2Fwp%2Fv2%2Fcomments&post=12351"}],"wp:attachment":[{"href":"https:\/\/aramiso-test.verteco.app\/index.php?rest_route=%2Fwp%2Fv2%2Fmedia&parent=12351"}],"wp:term":[{"taxonomy":"product_brand","embeddable":true,"href":"https:\/\/aramiso-test.verteco.app\/index.php?rest_route=%2Fwp%2Fv2%2Fproduct_brand&post=12351"},{"taxonomy":"product_cat","embeddable":true,"href":"https:\/\/aramiso-test.verteco.app\/index.php?rest_route=%2Fwp%2Fv2%2Fproduct_cat&post=12351"},{"taxonomy":"product_tag","embeddable":true,"href":"https:\/\/aramiso-test.verteco.app\/index.php?rest_route=%2Fwp%2Fv2%2Fproduct_tag&post=12351"}],"curies":[{"name":"wp","href":"https:\/\/api.w.org\/{rel}","templated":true}]}}