{"id":12058,"date":"2025-08-03T12:54:02","date_gmt":"2025-08-03T12:54:02","guid":{"rendered":"https:\/\/aramiso-test.verteco.app\/?product=zamok-elektromagneticky-s-pomocnym-kontaktom-12-24v-ac-dc"},"modified":"2025-08-03T12:54:04","modified_gmt":"2025-08-03T12:54:04","slug":"zamok-elektromagneticky-s-pomocnym-kontaktom-12-24v-ac-dc","status":"publish","type":"product","link":"https:\/\/aramiso-test.verteco.app\/?product=zamok-elektromagneticky-s-pomocnym-kontaktom-12-24v-ac-dc","title":{"rendered":"Z\u00e1mok elektromagnetick\u00fd s pomocn\u00fdm kontaktom, 12-24V AC\/DC"},"content":{"rendered":"<p>Z\u00e1mok elektromagnetick\u00fd s pomocn\u00fdm sp\u00ednac\u00edm kontaktom, univerz\u00e1lny (prav\u00fd\/\u013eav\u00fd), 78x28mm,  pam\u00e4\u0165ov\u00fd kol\u00edk, s odblokovan\u00edm, 12-24V AC\/DC.<br \/>\nAC-12V: 260mA, AC-24V: 520mA, DC-12V: 300mA, DC-24V: 600mA .<\/p>\n","protected":false},"excerpt":{"rendered":"<p>Materi\u00e1l: Oce\u013e, Povrchov\u00e1 \u00faprava: Zinok<\/p>\n","protected":false},"featured_media":0,"comment_status":"closed","ping_status":"open","template":"","meta":[],"product_brand":[],"product_cat":[15],"product_tag":[],"class_list":{"0":"post-12058","1":"product","2":"type-product","3":"status-publish","5":"product_cat-uncategorized","7":"first","8":"onbackorder","9":"sale","10":"purchasable","11":"product-type-simple"},"_links":{"self":[{"href":"https:\/\/aramiso-test.verteco.app\/index.php?rest_route=\/wp\/v2\/product\/12058","targetHints":{"allow":["GET"]}}],"collection":[{"href":"https:\/\/aramiso-test.verteco.app\/index.php?rest_route=\/wp\/v2\/product"}],"about":[{"href":"https:\/\/aramiso-test.verteco.app\/index.php?rest_route=\/wp\/v2\/types\/product"}],"replies":[{"embeddable":true,"href":"https:\/\/aramiso-test.verteco.app\/index.php?rest_route=%2Fwp%2Fv2%2Fcomments&post=12058"}],"wp:attachment":[{"href":"https:\/\/aramiso-test.verteco.app\/index.php?rest_route=%2Fwp%2Fv2%2Fmedia&parent=12058"}],"wp:term":[{"taxonomy":"product_brand","embeddable":true,"href":"https:\/\/aramiso-test.verteco.app\/index.php?rest_route=%2Fwp%2Fv2%2Fproduct_brand&post=12058"},{"taxonomy":"product_cat","embeddable":true,"href":"https:\/\/aramiso-test.verteco.app\/index.php?rest_route=%2Fwp%2Fv2%2Fproduct_cat&post=12058"},{"taxonomy":"product_tag","embeddable":true,"href":"https:\/\/aramiso-test.verteco.app\/index.php?rest_route=%2Fwp%2Fv2%2Fproduct_tag&post=12058"}],"curies":[{"name":"wp","href":"https:\/\/api.w.org\/{rel}","templated":true}]}}