{"id":11921,"date":"2025-08-03T12:50:41","date_gmt":"2025-08-03T12:50:41","guid":{"rendered":"https:\/\/aramiso-test.verteco.app\/?product=hydraulicky-samozatvarac-aisi304"},"modified":"2025-08-03T12:50:44","modified_gmt":"2025-08-03T12:50:44","slug":"hydraulicky-samozatvarac-aisi304","status":"publish","type":"product","link":"https:\/\/aramiso-test.verteco.app\/?product=hydraulicky-samozatvarac-aisi304","title":{"rendered":"Hydraulicky samozatv\u00e1ra\u010d AISI304"},"content":{"rendered":"<p>Hydraulicky samozatvara\u010d s aret\u00e1ciou. Povrchov\u00e1 \u00faprava nerez br\u00fasen\u00e1. Pre sklo hr\u00fabky od 8,10,12mm. Maxim\u00e1lna hmotnos\u0165 dver\u00ed 100kg \u0161\u00edrka 850-1000mm. Mo\u017eno\u0161\u0165 regul\u00e1cie r\u00fdchlosti zatv\u00e1rania a dovretia. Os 55mm od hrany<\/p>\n","protected":false},"excerpt":{"rendered":"<p>Materi\u00e1l: Nerez AISI 304\/Oce\u013e, Povrchov\u00e1 \u00faprava: Brus, Glass t: 8-12, Hmotnos\u0165 kr\u00eddla (odpor\u00fa\u010dan\u00e1): 100kg, Funkcia samozatv\u00e1rania: \u00c1no, Funkcia stop: +-90\u00b0\/0\u00b0, Otvor v skle: \u00c1no<\/p>\n","protected":false},"featured_media":0,"comment_status":"closed","ping_status":"open","template":"","meta":[],"product_brand":[],"product_cat":[15],"product_tag":[],"class_list":{"0":"post-11921","1":"product","2":"type-product","3":"status-publish","5":"product_cat-uncategorized","7":"first","8":"onbackorder","9":"sale","10":"purchasable","11":"product-type-simple"},"_links":{"self":[{"href":"https:\/\/aramiso-test.verteco.app\/index.php?rest_route=\/wp\/v2\/product\/11921","targetHints":{"allow":["GET"]}}],"collection":[{"href":"https:\/\/aramiso-test.verteco.app\/index.php?rest_route=\/wp\/v2\/product"}],"about":[{"href":"https:\/\/aramiso-test.verteco.app\/index.php?rest_route=\/wp\/v2\/types\/product"}],"replies":[{"embeddable":true,"href":"https:\/\/aramiso-test.verteco.app\/index.php?rest_route=%2Fwp%2Fv2%2Fcomments&post=11921"}],"wp:attachment":[{"href":"https:\/\/aramiso-test.verteco.app\/index.php?rest_route=%2Fwp%2Fv2%2Fmedia&parent=11921"}],"wp:term":[{"taxonomy":"product_brand","embeddable":true,"href":"https:\/\/aramiso-test.verteco.app\/index.php?rest_route=%2Fwp%2Fv2%2Fproduct_brand&post=11921"},{"taxonomy":"product_cat","embeddable":true,"href":"https:\/\/aramiso-test.verteco.app\/index.php?rest_route=%2Fwp%2Fv2%2Fproduct_cat&post=11921"},{"taxonomy":"product_tag","embeddable":true,"href":"https:\/\/aramiso-test.verteco.app\/index.php?rest_route=%2Fwp%2Fv2%2Fproduct_tag&post=11921"}],"curies":[{"name":"wp","href":"https:\/\/api.w.org\/{rel}","templated":true}]}}