{"id":11878,"date":"2025-10-26T12:38:52","date_gmt":"2025-10-26T12:38:52","guid":{"rendered":"https:\/\/aramiso-test.verteco.app\/?product=sklo-cire-kalene-lepene-14"},"modified":"2025-10-26T12:38:52","modified_gmt":"2025-10-26T12:38:52","slug":"sklo-cire-kalene-lepene-14","status":"publish","type":"product","link":"https:\/\/aramiso-test.verteco.app\/?product=sklo-cire-kalene-lepene-14","title":{"rendered":"Sklo &#8211; \u010d\u00edre, kalen\u00e9, lepen\u00e9"},"content":{"rendered":"<p>Sklo \u010d\u00edre kalen\u00e9, lepen\u00e9 VSG\/ESG, zrazen\u00e9 a le\u0161ten\u00e9 hrany.<\/p>\n","protected":false},"excerpt":{"rendered":"<p>Materi\u00e1l: Sklo, Povrchov\u00e1 \u00faprava: Kalen\u00fd, Glass t: 8,76, Vzh\u013ead: \u010c\u00edre, a: 875, b: 750, Quality: VSG\/ESG<\/p>\n","protected":false},"featured_media":0,"comment_status":"closed","ping_status":"open","template":"","meta":[],"product_brand":[],"product_cat":[15],"product_tag":[],"class_list":{"0":"post-11878","1":"product","2":"type-product","3":"status-publish","5":"product_cat-uncategorized","7":"first","8":"instock","9":"sale","10":"purchasable","11":"product-type-simple"},"_links":{"self":[{"href":"https:\/\/aramiso-test.verteco.app\/index.php?rest_route=\/wp\/v2\/product\/11878","targetHints":{"allow":["GET"]}}],"collection":[{"href":"https:\/\/aramiso-test.verteco.app\/index.php?rest_route=\/wp\/v2\/product"}],"about":[{"href":"https:\/\/aramiso-test.verteco.app\/index.php?rest_route=\/wp\/v2\/types\/product"}],"replies":[{"embeddable":true,"href":"https:\/\/aramiso-test.verteco.app\/index.php?rest_route=%2Fwp%2Fv2%2Fcomments&post=11878"}],"wp:attachment":[{"href":"https:\/\/aramiso-test.verteco.app\/index.php?rest_route=%2Fwp%2Fv2%2Fmedia&parent=11878"}],"wp:term":[{"taxonomy":"product_brand","embeddable":true,"href":"https:\/\/aramiso-test.verteco.app\/index.php?rest_route=%2Fwp%2Fv2%2Fproduct_brand&post=11878"},{"taxonomy":"product_cat","embeddable":true,"href":"https:\/\/aramiso-test.verteco.app\/index.php?rest_route=%2Fwp%2Fv2%2Fproduct_cat&post=11878"},{"taxonomy":"product_tag","embeddable":true,"href":"https:\/\/aramiso-test.verteco.app\/index.php?rest_route=%2Fwp%2Fv2%2Fproduct_tag&post=11878"}],"curies":[{"name":"wp","href":"https:\/\/api.w.org\/{rel}","templated":true}]}}