{"id":11860,"date":"2025-10-26T12:38:39","date_gmt":"2025-10-26T12:38:39","guid":{"rendered":"https:\/\/aramiso-test.verteco.app\/?product=iled-osveltenie-madlo-nerez-aisi304-d424-24x24mm"},"modified":"2025-10-26T12:38:40","modified_gmt":"2025-10-26T12:38:40","slug":"iled-osveltenie-madlo-nerez-aisi304-d424-24x24mm","status":"publish","type":"product","link":"https:\/\/aramiso-test.verteco.app\/?product=iled-osveltenie-madlo-nerez-aisi304-d424-24x24mm","title":{"rendered":"iLed osveltenie madlo nerez AISI304, D42,4\/24x24mm"},"content":{"rendered":"<p>Nerez. madlo A\/6920-042 s LED podsvieten\u00edm , materi\u00e1l AISI 304 brus K320 &#8211; Dod\u00e1van\u00e9 v d\u013a\u017eke L2500mm.<br \/>\nDod\u00e1vane s kompletn\u00edm pr\u00edslu\u0161enstvom &#8211; Madlo, krytky na madlo, dut\u00fd dr\u017eiak madla na stenu<\/p>\n<p><iframe width=\"560\" height=\"315\" src=\"https:\/\/www.youtube.com\/embed\/u40tM5v7asU\" frameborder=\"0\" allow=\"accelerometer; autoplay; encrypted-media; gyroscope; picture-in-picture\" allowfullscreen><\/iframe><\/p>\n","protected":false},"excerpt":{"rendered":"<p>Materi\u00e1l: Nerez AISI 304, Povrchov\u00e1 \u00faprava: Brus, L: 2500, Madlo: D42,4&#215;1,5, Kotvenie: Na stenu<\/p>\n","protected":false},"featured_media":0,"comment_status":"closed","ping_status":"open","template":"","meta":[],"product_brand":[],"product_cat":[15],"product_tag":[],"class_list":{"0":"post-11860","1":"product","2":"type-product","3":"status-publish","5":"product_cat-uncategorized","7":"first","8":"onbackorder","9":"sale","10":"purchasable","11":"product-type-simple"},"_links":{"self":[{"href":"https:\/\/aramiso-test.verteco.app\/index.php?rest_route=\/wp\/v2\/product\/11860","targetHints":{"allow":["GET"]}}],"collection":[{"href":"https:\/\/aramiso-test.verteco.app\/index.php?rest_route=\/wp\/v2\/product"}],"about":[{"href":"https:\/\/aramiso-test.verteco.app\/index.php?rest_route=\/wp\/v2\/types\/product"}],"replies":[{"embeddable":true,"href":"https:\/\/aramiso-test.verteco.app\/index.php?rest_route=%2Fwp%2Fv2%2Fcomments&post=11860"}],"wp:attachment":[{"href":"https:\/\/aramiso-test.verteco.app\/index.php?rest_route=%2Fwp%2Fv2%2Fmedia&parent=11860"}],"wp:term":[{"taxonomy":"product_brand","embeddable":true,"href":"https:\/\/aramiso-test.verteco.app\/index.php?rest_route=%2Fwp%2Fv2%2Fproduct_brand&post=11860"},{"taxonomy":"product_cat","embeddable":true,"href":"https:\/\/aramiso-test.verteco.app\/index.php?rest_route=%2Fwp%2Fv2%2Fproduct_cat&post=11860"},{"taxonomy":"product_tag","embeddable":true,"href":"https:\/\/aramiso-test.verteco.app\/index.php?rest_route=%2Fwp%2Fv2%2Fproduct_tag&post=11860"}],"curies":[{"name":"wp","href":"https:\/\/api.w.org\/{rel}","templated":true}]}}