{"id":11764,"date":"2025-10-26T12:38:14","date_gmt":"2025-10-26T12:38:14","guid":{"rendered":"https:\/\/aramiso-test.verteco.app\/?product=kozene-kreslo-office"},"modified":"2025-10-26T12:38:16","modified_gmt":"2025-10-26T12:38:16","slug":"kozene-kreslo-office","status":"publish","type":"product","link":"https:\/\/aramiso-test.verteco.app\/?product=kozene-kreslo-office","title":{"rendered":"Ko\u017een\u00e9 kreslo office"},"content":{"rendered":"<p>Prav\u00e1 k\u016f\u017ee na funk\u010dn\u00edch \u010d\u00e1stech n\u00e1bytku.<\/p>\n<p>Hmotnos\u0165:\t20 kg<br \/>\nCelkov\u00e1 v\u00fd\u0161ka:\t80 cm<br \/>\n\u0160\u00edrka:\t60 cm<br \/>\nH\u013abka:\t170 cm<br \/>\nV\u00fd\u0161ka sedu:\t41 cm<br \/>\nNosnos\u0165:\t130 kg<\/p>\n","protected":false},"excerpt":{"rendered":"<p>Materi\u00e1l: Nerez AISI 304\/Oce\u013e\/Ko\u017ea, Povrchov\u00e1 \u00faprava: Lesk<\/p>\n","protected":false},"featured_media":0,"comment_status":"closed","ping_status":"open","template":"","meta":[],"product_brand":[],"product_cat":[15],"product_tag":[],"class_list":{"0":"post-11764","1":"product","2":"type-product","3":"status-publish","5":"product_cat-uncategorized","7":"first","8":"onbackorder","9":"sale","10":"purchasable","11":"product-type-simple"},"_links":{"self":[{"href":"https:\/\/aramiso-test.verteco.app\/index.php?rest_route=\/wp\/v2\/product\/11764","targetHints":{"allow":["GET"]}}],"collection":[{"href":"https:\/\/aramiso-test.verteco.app\/index.php?rest_route=\/wp\/v2\/product"}],"about":[{"href":"https:\/\/aramiso-test.verteco.app\/index.php?rest_route=\/wp\/v2\/types\/product"}],"replies":[{"embeddable":true,"href":"https:\/\/aramiso-test.verteco.app\/index.php?rest_route=%2Fwp%2Fv2%2Fcomments&post=11764"}],"wp:attachment":[{"href":"https:\/\/aramiso-test.verteco.app\/index.php?rest_route=%2Fwp%2Fv2%2Fmedia&parent=11764"}],"wp:term":[{"taxonomy":"product_brand","embeddable":true,"href":"https:\/\/aramiso-test.verteco.app\/index.php?rest_route=%2Fwp%2Fv2%2Fproduct_brand&post=11764"},{"taxonomy":"product_cat","embeddable":true,"href":"https:\/\/aramiso-test.verteco.app\/index.php?rest_route=%2Fwp%2Fv2%2Fproduct_cat&post=11764"},{"taxonomy":"product_tag","embeddable":true,"href":"https:\/\/aramiso-test.verteco.app\/index.php?rest_route=%2Fwp%2Fv2%2Fproduct_tag&post=11764"}],"curies":[{"name":"wp","href":"https:\/\/api.w.org\/{rel}","templated":true}]}}