{"id":11762,"date":"2025-10-26T12:38:14","date_gmt":"2025-10-26T12:38:14","guid":{"rendered":"https:\/\/aramiso-test.verteco.app\/?product=kozene-kreslo-barcelona-design-barcelona-replika"},"modified":"2025-10-26T12:38:15","modified_gmt":"2025-10-26T12:38:15","slug":"kozene-kreslo-barcelona-design-barcelona-replika","status":"publish","type":"product","link":"https:\/\/aramiso-test.verteco.app\/?product=kozene-kreslo-barcelona-design-barcelona-replika","title":{"rendered":"Ko\u017een\u00e9 kreslo barcelona design Barcelona replika"},"content":{"rendered":"<p>Elegantn\u00e9 ergonomick\u00e9 kreslo navrhnut\u00e9 pre dizajn a pohodlie.  Kreslo je v preveden\u00ed \u010dal\u00fanenej talianskej ko\u017ee s kovovou kon\u0161tukciou, set obsahuje kreslo a podno\u017eku. Prav\u00e1 ko\u017ea na funk\u010dn\u00fdch \u010dastiach n\u00e1bytku.<\/p>\n<p>Hmotnos\u0165: 30 kg<br \/>\nCelkov\u00e1 v\u00fd\u0161ka: 78 cm<br \/>\n\u0160\u00edrka: 78 cm<br \/>\nH\u013abka: 77 cm<br \/>\nV\u00fd\u0161ka sedu: 40 cm<br \/>\nNosnos\u0165: 115 kg<\/p>\n","protected":false},"excerpt":{"rendered":"<p>Materi\u00e1l: Nerez AISI 304\/Ko\u017ea, Povrchov\u00e1 \u00faprava: Lesk<\/p>\n","protected":false},"featured_media":0,"comment_status":"closed","ping_status":"open","template":"","meta":[],"product_brand":[],"product_cat":[15],"product_tag":[],"class_list":{"0":"post-11762","1":"product","2":"type-product","3":"status-publish","5":"product_cat-uncategorized","7":"first","8":"onbackorder","9":"sale","10":"purchasable","11":"product-type-simple"},"_links":{"self":[{"href":"https:\/\/aramiso-test.verteco.app\/index.php?rest_route=\/wp\/v2\/product\/11762","targetHints":{"allow":["GET"]}}],"collection":[{"href":"https:\/\/aramiso-test.verteco.app\/index.php?rest_route=\/wp\/v2\/product"}],"about":[{"href":"https:\/\/aramiso-test.verteco.app\/index.php?rest_route=\/wp\/v2\/types\/product"}],"replies":[{"embeddable":true,"href":"https:\/\/aramiso-test.verteco.app\/index.php?rest_route=%2Fwp%2Fv2%2Fcomments&post=11762"}],"wp:attachment":[{"href":"https:\/\/aramiso-test.verteco.app\/index.php?rest_route=%2Fwp%2Fv2%2Fmedia&parent=11762"}],"wp:term":[{"taxonomy":"product_brand","embeddable":true,"href":"https:\/\/aramiso-test.verteco.app\/index.php?rest_route=%2Fwp%2Fv2%2Fproduct_brand&post=11762"},{"taxonomy":"product_cat","embeddable":true,"href":"https:\/\/aramiso-test.verteco.app\/index.php?rest_route=%2Fwp%2Fv2%2Fproduct_cat&post=11762"},{"taxonomy":"product_tag","embeddable":true,"href":"https:\/\/aramiso-test.verteco.app\/index.php?rest_route=%2Fwp%2Fv2%2Fproduct_tag&post=11762"}],"curies":[{"name":"wp","href":"https:\/\/api.w.org\/{rel}","templated":true}]}}