{"id":11686,"date":"2025-08-03T12:44:44","date_gmt":"2025-08-03T12:44:44","guid":{"rendered":"https:\/\/aramiso-test.verteco.app\/?product=tesnenie-model-8060-sauna"},"modified":"2025-08-03T12:44:50","modified_gmt":"2025-08-03T12:44:50","slug":"tesnenie-model-8060-sauna","status":"publish","type":"product","link":"https:\/\/aramiso-test.verteco.app\/?product=tesnenie-model-8060-sauna","title":{"rendered":"Tesnenie model 8060 sauna"},"content":{"rendered":"<p>1+1 =10mm 2+2+1 = 6mm 2+1 = 8mm<\/p>\n","protected":false},"excerpt":{"rendered":"<p>Materi\u00e1l: PVC, Povrchov\u00e1 \u00faprava: Natural, Glass t: 8, 10<\/p>\n","protected":false},"featured_media":0,"comment_status":"closed","ping_status":"open","template":"","meta":[],"product_brand":[],"product_cat":[15],"product_tag":[],"class_list":{"0":"post-11686","1":"product","2":"type-product","3":"status-publish","5":"product_cat-uncategorized","7":"first","8":"onbackorder","9":"purchasable","10":"product-type-simple"},"_links":{"self":[{"href":"https:\/\/aramiso-test.verteco.app\/index.php?rest_route=\/wp\/v2\/product\/11686","targetHints":{"allow":["GET"]}}],"collection":[{"href":"https:\/\/aramiso-test.verteco.app\/index.php?rest_route=\/wp\/v2\/product"}],"about":[{"href":"https:\/\/aramiso-test.verteco.app\/index.php?rest_route=\/wp\/v2\/types\/product"}],"replies":[{"embeddable":true,"href":"https:\/\/aramiso-test.verteco.app\/index.php?rest_route=%2Fwp%2Fv2%2Fcomments&post=11686"}],"wp:attachment":[{"href":"https:\/\/aramiso-test.verteco.app\/index.php?rest_route=%2Fwp%2Fv2%2Fmedia&parent=11686"}],"wp:term":[{"taxonomy":"product_brand","embeddable":true,"href":"https:\/\/aramiso-test.verteco.app\/index.php?rest_route=%2Fwp%2Fv2%2Fproduct_brand&post=11686"},{"taxonomy":"product_cat","embeddable":true,"href":"https:\/\/aramiso-test.verteco.app\/index.php?rest_route=%2Fwp%2Fv2%2Fproduct_cat&post=11686"},{"taxonomy":"product_tag","embeddable":true,"href":"https:\/\/aramiso-test.verteco.app\/index.php?rest_route=%2Fwp%2Fv2%2Fproduct_tag&post=11686"}],"curies":[{"name":"wp","href":"https:\/\/api.w.org\/{rel}","templated":true}]}}