{"id":11544,"date":"2025-10-26T12:36:09","date_gmt":"2025-10-26T12:36:09","guid":{"rendered":"https:\/\/aramiso-test.verteco.app\/?product=objimka-koncova-na-stlpik-znpvc-60x60mm-antracit"},"modified":"2025-10-26T12:36:12","modified_gmt":"2025-10-26T12:36:12","slug":"objimka-koncova-na-stlpik-znpvc-60x60mm-antracit","status":"publish","type":"product","link":"https:\/\/aramiso-test.verteco.app\/?product=objimka-koncova-na-stlpik-znpvc-60x60mm-antracit","title":{"rendered":"Obj\u00edmka koncov\u00e1 na st\u013apik ZnPVC 60x60mm antracit"},"content":{"rendered":"","protected":false},"excerpt":{"rendered":"<p>Obj\u00edmka koncov\u00e1 na st\u013apik 60x60mm.<br \/>\nPovrchov\u00e1 \u00faprava: Zn + RAL7016 antracit.<br \/>\nPlastov\u00fd vymedzova\u010d ur\u010den\u00fd pre zv\u00e1ran\u00fd panel s priemerom dr\u00f4tu 4mm.<\/p>\n","protected":false},"featured_media":0,"comment_status":"closed","ping_status":"open","template":"","meta":[],"product_brand":[],"product_cat":[15],"product_tag":[],"class_list":{"0":"post-11544","1":"product","2":"type-product","3":"status-publish","5":"product_cat-uncategorized","7":"first","8":"onbackorder","9":"sale","10":"purchasable","11":"product-type-simple"},"_links":{"self":[{"href":"https:\/\/aramiso-test.verteco.app\/index.php?rest_route=\/wp\/v2\/product\/11544","targetHints":{"allow":["GET"]}}],"collection":[{"href":"https:\/\/aramiso-test.verteco.app\/index.php?rest_route=\/wp\/v2\/product"}],"about":[{"href":"https:\/\/aramiso-test.verteco.app\/index.php?rest_route=\/wp\/v2\/types\/product"}],"replies":[{"embeddable":true,"href":"https:\/\/aramiso-test.verteco.app\/index.php?rest_route=%2Fwp%2Fv2%2Fcomments&post=11544"}],"wp:attachment":[{"href":"https:\/\/aramiso-test.verteco.app\/index.php?rest_route=%2Fwp%2Fv2%2Fmedia&parent=11544"}],"wp:term":[{"taxonomy":"product_brand","embeddable":true,"href":"https:\/\/aramiso-test.verteco.app\/index.php?rest_route=%2Fwp%2Fv2%2Fproduct_brand&post=11544"},{"taxonomy":"product_cat","embeddable":true,"href":"https:\/\/aramiso-test.verteco.app\/index.php?rest_route=%2Fwp%2Fv2%2Fproduct_cat&post=11544"},{"taxonomy":"product_tag","embeddable":true,"href":"https:\/\/aramiso-test.verteco.app\/index.php?rest_route=%2Fwp%2Fv2%2Fproduct_tag&post=11544"}],"curies":[{"name":"wp","href":"https:\/\/api.w.org\/{rel}","templated":true}]}}