{"id":11029,"date":"2025-10-26T12:32:02","date_gmt":"2025-10-26T12:32:02","guid":{"rendered":"https:\/\/aramiso-test.verteco.app\/?product=kotvenie-priruba-5"},"modified":"2025-10-26T12:32:03","modified_gmt":"2025-10-26T12:32:03","slug":"kotvenie-priruba-5","status":"publish","type":"product","link":"https:\/\/aramiso-test.verteco.app\/?product=kotvenie-priruba-5","title":{"rendered":"Kotvenie &#8211; priruba"},"content":{"rendered":"<p>Nerezov\u00e1 pr\u00edruba sa zvy\u010dajne pou\u017e\u00edva na spojenie a upevnenie dvoch \u010dast\u00ed kon\u0161trukcie. Tento druh pr\u00edruby je vyroben\u00fd z nerezovej ocele, \u010do poskytuje vysok\u00fa odolnos\u0165 vo\u010di kor\u00f3zii. Kotvenie je mo\u017ene dosiahnu\u0165 pomocou monta\u017en\u00e9ho spoja a dvoch otvorov na pr\u00edrube.<\/p>\n","protected":false},"excerpt":{"rendered":"<p>Materi\u00e1l: Nerez AISI 304, Povrchov\u00e1 \u00faprava: Brus, Kotvenie: Zhora, D: 100, D1: 72<\/p>\n","protected":false},"featured_media":0,"comment_status":"closed","ping_status":"open","template":"","meta":[],"product_brand":[],"product_cat":[15],"product_tag":[],"class_list":{"0":"post-11029","1":"product","2":"type-product","3":"status-publish","5":"product_cat-uncategorized","7":"first","8":"onbackorder","9":"sale","10":"purchasable","11":"product-type-simple"},"_links":{"self":[{"href":"https:\/\/aramiso-test.verteco.app\/index.php?rest_route=\/wp\/v2\/product\/11029","targetHints":{"allow":["GET"]}}],"collection":[{"href":"https:\/\/aramiso-test.verteco.app\/index.php?rest_route=\/wp\/v2\/product"}],"about":[{"href":"https:\/\/aramiso-test.verteco.app\/index.php?rest_route=\/wp\/v2\/types\/product"}],"replies":[{"embeddable":true,"href":"https:\/\/aramiso-test.verteco.app\/index.php?rest_route=%2Fwp%2Fv2%2Fcomments&post=11029"}],"wp:attachment":[{"href":"https:\/\/aramiso-test.verteco.app\/index.php?rest_route=%2Fwp%2Fv2%2Fmedia&parent=11029"}],"wp:term":[{"taxonomy":"product_brand","embeddable":true,"href":"https:\/\/aramiso-test.verteco.app\/index.php?rest_route=%2Fwp%2Fv2%2Fproduct_brand&post=11029"},{"taxonomy":"product_cat","embeddable":true,"href":"https:\/\/aramiso-test.verteco.app\/index.php?rest_route=%2Fwp%2Fv2%2Fproduct_cat&post=11029"},{"taxonomy":"product_tag","embeddable":true,"href":"https:\/\/aramiso-test.verteco.app\/index.php?rest_route=%2Fwp%2Fv2%2Fproduct_tag&post=11029"}],"curies":[{"name":"wp","href":"https:\/\/api.w.org\/{rel}","templated":true}]}}