{"id":10982,"date":"2025-10-26T12:30:46","date_gmt":"2025-10-26T12:30:46","guid":{"rendered":"https:\/\/aramiso-test.verteco.app\/?product=drevene-madlo-dub-3"},"modified":"2025-10-26T12:30:50","modified_gmt":"2025-10-26T12:30:50","slug":"drevene-madlo-dub-3","status":"publish","type":"product","link":"https:\/\/aramiso-test.verteco.app\/?product=drevene-madlo-dub-3","title":{"rendered":"Dreven\u00e9 madlo &#8211; DUB"},"content":{"rendered":"<p>Dreven\u00e9 madlo na stenu, schodisko alebo z\u00e1bradlie. Vyroben\u00e9 z mas\u00edvneho dubov\u00e9ho dreva, balen\u00e9 v ochrannom ruk\u00e1ve.<br \/>\n\u0160tvorcov\u00e9 madlo vo ve\u013ekosti 40x40mm, d\u013a\u017eka 3000mm (tolerancia +-5%)<br \/>\nBez povrchovej \u00fapravy<\/p>\n","protected":false},"excerpt":{"rendered":"<p>Materi\u00e1l: Drevo Dub, Povrchov\u00e1 \u00faprava: Natural, L: 3000, Madlo: 40&#215;40 &#8211; pln\u00fd, D: 40, h: 40, Phi sq: 40&#215;40<\/p>\n","protected":false},"featured_media":0,"comment_status":"closed","ping_status":"open","template":"","meta":[],"product_brand":[],"product_cat":[15],"product_tag":[],"class_list":{"0":"post-10982","1":"product","2":"type-product","3":"status-publish","5":"product_cat-uncategorized","7":"first","8":"instock","9":"sale","10":"purchasable","11":"product-type-simple"},"_links":{"self":[{"href":"https:\/\/aramiso-test.verteco.app\/index.php?rest_route=\/wp\/v2\/product\/10982","targetHints":{"allow":["GET"]}}],"collection":[{"href":"https:\/\/aramiso-test.verteco.app\/index.php?rest_route=\/wp\/v2\/product"}],"about":[{"href":"https:\/\/aramiso-test.verteco.app\/index.php?rest_route=\/wp\/v2\/types\/product"}],"replies":[{"embeddable":true,"href":"https:\/\/aramiso-test.verteco.app\/index.php?rest_route=%2Fwp%2Fv2%2Fcomments&post=10982"}],"wp:attachment":[{"href":"https:\/\/aramiso-test.verteco.app\/index.php?rest_route=%2Fwp%2Fv2%2Fmedia&parent=10982"}],"wp:term":[{"taxonomy":"product_brand","embeddable":true,"href":"https:\/\/aramiso-test.verteco.app\/index.php?rest_route=%2Fwp%2Fv2%2Fproduct_brand&post=10982"},{"taxonomy":"product_cat","embeddable":true,"href":"https:\/\/aramiso-test.verteco.app\/index.php?rest_route=%2Fwp%2Fv2%2Fproduct_cat&post=10982"},{"taxonomy":"product_tag","embeddable":true,"href":"https:\/\/aramiso-test.verteco.app\/index.php?rest_route=%2Fwp%2Fv2%2Fproduct_tag&post=10982"}],"curies":[{"name":"wp","href":"https:\/\/api.w.org\/{rel}","templated":true}]}}