{"id":10961,"date":"2025-08-03T12:30:04","date_gmt":"2025-08-03T12:30:04","guid":{"rendered":"https:\/\/aramiso-test.verteco.app\/?product=profil-bruseny-cierny-pvd"},"modified":"2025-08-03T12:30:08","modified_gmt":"2025-08-03T12:30:08","slug":"profil-bruseny-cierny-pvd","status":"publish","type":"product","link":"https:\/\/aramiso-test.verteco.app\/?product=profil-bruseny-cierny-pvd","title":{"rendered":"Profil br\u00fasen\u00fd \u010dierny PVD"},"content":{"rendered":"<p>Profil nerezov\u00fd \u0161tvorcov\u00fd, zv\u00e1ran\u00fd, br\u00fasen\u00fd.<\/p>\n","protected":false},"excerpt":{"rendered":"<p>Materi\u00e1l: Nerez AISI 304, Povrchov\u00e1 \u00faprava: Brus-PVD, Tvar prierezu: JPL profil, Vzh\u013ead: \u010cierna, St\u013apik: 40x40x2, L: 3000, Madlo: 40x40x2, a: 40, b: 40, t: 2<\/p>\n","protected":false},"featured_media":0,"comment_status":"closed","ping_status":"open","template":"","meta":[],"product_brand":[],"product_cat":[15],"product_tag":[],"class_list":{"0":"post-10961","1":"product","2":"type-product","3":"status-publish","5":"product_cat-uncategorized","7":"first","8":"onbackorder","9":"sale","10":"purchasable","11":"product-type-simple"},"_links":{"self":[{"href":"https:\/\/aramiso-test.verteco.app\/index.php?rest_route=\/wp\/v2\/product\/10961","targetHints":{"allow":["GET"]}}],"collection":[{"href":"https:\/\/aramiso-test.verteco.app\/index.php?rest_route=\/wp\/v2\/product"}],"about":[{"href":"https:\/\/aramiso-test.verteco.app\/index.php?rest_route=\/wp\/v2\/types\/product"}],"replies":[{"embeddable":true,"href":"https:\/\/aramiso-test.verteco.app\/index.php?rest_route=%2Fwp%2Fv2%2Fcomments&post=10961"}],"wp:attachment":[{"href":"https:\/\/aramiso-test.verteco.app\/index.php?rest_route=%2Fwp%2Fv2%2Fmedia&parent=10961"}],"wp:term":[{"taxonomy":"product_brand","embeddable":true,"href":"https:\/\/aramiso-test.verteco.app\/index.php?rest_route=%2Fwp%2Fv2%2Fproduct_brand&post=10961"},{"taxonomy":"product_cat","embeddable":true,"href":"https:\/\/aramiso-test.verteco.app\/index.php?rest_route=%2Fwp%2Fv2%2Fproduct_cat&post=10961"},{"taxonomy":"product_tag","embeddable":true,"href":"https:\/\/aramiso-test.verteco.app\/index.php?rest_route=%2Fwp%2Fv2%2Fproduct_tag&post=10961"}],"curies":[{"name":"wp","href":"https:\/\/api.w.org\/{rel}","templated":true}]}}