{"id":10839,"date":"2025-10-26T12:30:13","date_gmt":"2025-10-26T12:30:13","guid":{"rendered":"https:\/\/aramiso-test.verteco.app\/?product=prechod-madla-90-na-stlpik"},"modified":"2025-10-26T12:30:16","modified_gmt":"2025-10-26T12:30:16","slug":"prechod-madla-90-na-stlpik","status":"publish","type":"product","link":"https:\/\/aramiso-test.verteco.app\/?product=prechod-madla-90-na-stlpik","title":{"rendered":"Prechod madla 90\u00b0 na st\u013apik"},"content":{"rendered":"<p>Nerezov\u00fd prechod madla na st\u013apik sl\u00fa\u017ei na prepojenie rohov madla a st\u013apika. Tento prvok nie len poskytuje estetick\u00fd dojem, ale aj funk\u010dnos\u0165, zabezpe\u010duje stabilitu a spo\u013eahliv\u00e9 upevnenie madla k st\u013apiku. Mont\u00e1\u017e prechodu na st\u013apik sa vykon\u00e1va pomocou lepen\u00e9ho spoja. Dizajn je navrhnut\u00fd tak, aby umo\u017enil jednoduch\u00fa a spo\u013eahliv\u00fa mont\u00e1\u017e. D\u00f4le\u017eit\u00fdm aspektom prechodu je jeho estetick\u00fd vzh\u013ead, ktor\u00fd by mal ladi\u0165 s okolit\u00fdm prostred\u00edm a prispieva\u0165 k celkov\u00e9mu dizajnu. Nerezov\u00e9 prechody madla na st\u013apik sa \u010dasto pou\u017e\u00edvaj\u00fa v r\u00f4znych aplik\u00e1ci\u00e1ch, vr\u00e1tane balk\u00f3nov, ter\u00e1s, schod\u00edsk, verejn\u00fdch budov a \u010fal\u0161\u00edch miest, kde je potrebn\u00e9 spo\u013eahliv\u00e9 a estetick\u00e9 spojenie medzi madlom a st\u013apikom.<\/p>\n","protected":false},"excerpt":{"rendered":"<p>Materi\u00e1l: Nerez AISI 304, Povrchov\u00e1 \u00faprava: Brus, St\u013apik: D42,4&#215;2, Madlo: D42,4&#215;2, H: 28, Phi: 42,4&#215;2,0<\/p>\n","protected":false},"featured_media":0,"comment_status":"closed","ping_status":"open","template":"","meta":[],"product_brand":[],"product_cat":[15],"product_tag":[],"class_list":{"0":"post-10839","1":"product","2":"type-product","3":"status-publish","5":"product_cat-uncategorized","7":"first","8":"onbackorder","9":"sale","10":"purchasable","11":"product-type-simple"},"_links":{"self":[{"href":"https:\/\/aramiso-test.verteco.app\/index.php?rest_route=\/wp\/v2\/product\/10839","targetHints":{"allow":["GET"]}}],"collection":[{"href":"https:\/\/aramiso-test.verteco.app\/index.php?rest_route=\/wp\/v2\/product"}],"about":[{"href":"https:\/\/aramiso-test.verteco.app\/index.php?rest_route=\/wp\/v2\/types\/product"}],"replies":[{"embeddable":true,"href":"https:\/\/aramiso-test.verteco.app\/index.php?rest_route=%2Fwp%2Fv2%2Fcomments&post=10839"}],"wp:attachment":[{"href":"https:\/\/aramiso-test.verteco.app\/index.php?rest_route=%2Fwp%2Fv2%2Fmedia&parent=10839"}],"wp:term":[{"taxonomy":"product_brand","embeddable":true,"href":"https:\/\/aramiso-test.verteco.app\/index.php?rest_route=%2Fwp%2Fv2%2Fproduct_brand&post=10839"},{"taxonomy":"product_cat","embeddable":true,"href":"https:\/\/aramiso-test.verteco.app\/index.php?rest_route=%2Fwp%2Fv2%2Fproduct_cat&post=10839"},{"taxonomy":"product_tag","embeddable":true,"href":"https:\/\/aramiso-test.verteco.app\/index.php?rest_route=%2Fwp%2Fv2%2Fproduct_tag&post=10839"}],"curies":[{"name":"wp","href":"https:\/\/api.w.org\/{rel}","templated":true}]}}