{"id":10608,"date":"2025-10-26T12:28:09","date_gmt":"2025-10-26T12:28:09","guid":{"rendered":"https:\/\/aramiso-test.verteco.app\/?product=drziak-skla-mimoosovy-jednostrannny"},"modified":"2025-10-26T12:28:18","modified_gmt":"2025-10-26T12:28:18","slug":"drziak-skla-mimoosovy-jednostrannny","status":"publish","type":"product","link":"https:\/\/aramiso-test.verteco.app\/?product=drziak-skla-mimoosovy-jednostrannny","title":{"rendered":"Dr\u017eiak skla mimoosov\u00fd jednostrannn\u00fd"},"content":{"rendered":"<p>Dr\u017eiak skla je kon\u0161truk\u010dn\u00fd prvok, ktor\u00fd sl\u00fa\u017ei na upevnenie sklenenej v\u00fdplne a z\u00e1rove\u0148 poskytuje podporu a stabilitu. Ich \u00falohou je udr\u017eiava\u0165 sklenen\u00fa v\u00fdpl\u0148 na mieste a zabezpe\u010di\u0165, aby bola pevne fixovan\u00e1 v r\u00e1mci kon\u0161trukcie. Vyu\u017e\u00edvan\u00e9 s\u00fa hlavne ako s\u00fa\u010das\u0165 sklenen\u00fdch z\u00e1bradl\u00ed, ktor\u00fdm dod\u00e1vaj\u00fa jednoduch\u00fd a dizajnov\u00fd vzh\u013ead. Tento dr\u017eiak skla je jednostrann\u00fd a \u00fahlovo nastavite\u013en\u00fd. Upevnenie skla je dosiahnut\u00e9 pomocou zvern\u00e9ho spoja, ktor\u00fd sa doporu\u010duje hlavne pri vrchnom kotven\u00ed. Dr\u017eiak neobsahuje tesnenie (nutnost dokupit 2ks tesneni podla hrubky skla) a krytky pre skrutky.<\/p>\n","protected":false},"excerpt":{"rendered":"<p>Materi\u00e1l: Nerez AISI 316, Povrchov\u00e1 \u00faprava: Brus, V\u00fdpl\u0148: Sklo, Glass t: 6\/6,76\/8\/8,76\/10\/10,76\/12\/12,76, St\u013apik: flat, Model: Model 21XX<\/p>\n","protected":false},"featured_media":0,"comment_status":"closed","ping_status":"open","template":"","meta":[],"product_brand":[],"product_cat":[15],"product_tag":[],"class_list":{"0":"post-10608","1":"product","2":"type-product","3":"status-publish","5":"product_cat-uncategorized","7":"first","8":"onbackorder","9":"sale","10":"purchasable","11":"product-type-simple"},"_links":{"self":[{"href":"https:\/\/aramiso-test.verteco.app\/index.php?rest_route=\/wp\/v2\/product\/10608","targetHints":{"allow":["GET"]}}],"collection":[{"href":"https:\/\/aramiso-test.verteco.app\/index.php?rest_route=\/wp\/v2\/product"}],"about":[{"href":"https:\/\/aramiso-test.verteco.app\/index.php?rest_route=\/wp\/v2\/types\/product"}],"replies":[{"embeddable":true,"href":"https:\/\/aramiso-test.verteco.app\/index.php?rest_route=%2Fwp%2Fv2%2Fcomments&post=10608"}],"wp:attachment":[{"href":"https:\/\/aramiso-test.verteco.app\/index.php?rest_route=%2Fwp%2Fv2%2Fmedia&parent=10608"}],"wp:term":[{"taxonomy":"product_brand","embeddable":true,"href":"https:\/\/aramiso-test.verteco.app\/index.php?rest_route=%2Fwp%2Fv2%2Fproduct_brand&post=10608"},{"taxonomy":"product_cat","embeddable":true,"href":"https:\/\/aramiso-test.verteco.app\/index.php?rest_route=%2Fwp%2Fv2%2Fproduct_cat&post=10608"},{"taxonomy":"product_tag","embeddable":true,"href":"https:\/\/aramiso-test.verteco.app\/index.php?rest_route=%2Fwp%2Fv2%2Fproduct_tag&post=10608"}],"curies":[{"name":"wp","href":"https:\/\/api.w.org\/{rel}","templated":true}]}}