{"id":10588,"date":"2025-08-25T11:18:24","date_gmt":"2025-08-25T11:18:24","guid":{"rendered":"https:\/\/aramiso-test.verteco.app\/?product=klavesnica-kodova-bezdrotova-2"},"modified":"2025-08-25T11:18:27","modified_gmt":"2025-08-25T11:18:27","slug":"klavesnica-kodova-bezdrotova-2","status":"publish","type":"product","link":"https:\/\/aramiso-test.verteco.app\/?product=klavesnica-kodova-bezdrotova-2","title":{"rendered":"Klavesnica k\u00f3dov\u00e1 bezdr\u00f4tov\u00e1"},"content":{"rendered":"<p>Bezdr\u00f4tov\u00e1 digit\u00e1lna kl\u00e1vesnica. Modr\u00e9 podsvietenie. 433,92 MHz. Mont\u00e1\u017e na povrch. S\u00fa\u010das\u0165ou balenia je bat\u00e9ria CR123A 3V.<\/p>\n","protected":false},"excerpt":{"rendered":"<p>Zna\u010dka: Came<\/p>\n","protected":false},"featured_media":0,"comment_status":"closed","ping_status":"open","template":"","meta":[],"product_brand":[],"product_cat":[15],"product_tag":[],"class_list":{"0":"post-10588","1":"product","2":"type-product","3":"status-publish","5":"product_cat-uncategorized","7":"first","8":"instock","9":"sale","10":"purchasable","11":"product-type-simple"},"_links":{"self":[{"href":"https:\/\/aramiso-test.verteco.app\/index.php?rest_route=\/wp\/v2\/product\/10588","targetHints":{"allow":["GET"]}}],"collection":[{"href":"https:\/\/aramiso-test.verteco.app\/index.php?rest_route=\/wp\/v2\/product"}],"about":[{"href":"https:\/\/aramiso-test.verteco.app\/index.php?rest_route=\/wp\/v2\/types\/product"}],"replies":[{"embeddable":true,"href":"https:\/\/aramiso-test.verteco.app\/index.php?rest_route=%2Fwp%2Fv2%2Fcomments&post=10588"}],"wp:attachment":[{"href":"https:\/\/aramiso-test.verteco.app\/index.php?rest_route=%2Fwp%2Fv2%2Fmedia&parent=10588"}],"wp:term":[{"taxonomy":"product_brand","embeddable":true,"href":"https:\/\/aramiso-test.verteco.app\/index.php?rest_route=%2Fwp%2Fv2%2Fproduct_brand&post=10588"},{"taxonomy":"product_cat","embeddable":true,"href":"https:\/\/aramiso-test.verteco.app\/index.php?rest_route=%2Fwp%2Fv2%2Fproduct_cat&post=10588"},{"taxonomy":"product_tag","embeddable":true,"href":"https:\/\/aramiso-test.verteco.app\/index.php?rest_route=%2Fwp%2Fv2%2Fproduct_tag&post=10588"}],"curies":[{"name":"wp","href":"https:\/\/api.w.org\/{rel}","templated":true}]}}