{"id":10533,"date":"2025-08-03T12:18:59","date_gmt":"2025-08-03T12:18:59","guid":{"rendered":"https:\/\/aramiso-test.verteco.app\/?product=antena-s-konzolou-a-koaxialnym-kablom-433mhz"},"modified":"2025-08-03T12:19:14","modified_gmt":"2025-08-03T12:19:14","slug":"antena-s-konzolou-a-koaxialnym-kablom-433mhz","status":"publish","type":"product","link":"https:\/\/aramiso-test.verteco.app\/?product=antena-s-konzolou-a-koaxialnym-kablom-433mhz","title":{"rendered":"Ant\u00e9na s konzolou a koaxi\u00e1lnym k\u00e1blom &#8211; 433Mhz"},"content":{"rendered":"<p>Ant\u00e9na NICE s koax k\u00e1blom, pracovn\u00e1 frekvencia 433,9 MHz.<\/p>\n","protected":false},"excerpt":{"rendered":"<p>Zna\u010dka: Nice<\/p>\n","protected":false},"featured_media":0,"comment_status":"closed","ping_status":"open","template":"","meta":[],"product_brand":[],"product_cat":[15],"product_tag":[],"class_list":{"0":"post-10533","1":"product","2":"type-product","3":"status-publish","5":"product_cat-uncategorized","7":"first","8":"onbackorder","9":"sale","10":"purchasable","11":"product-type-simple"},"_links":{"self":[{"href":"https:\/\/aramiso-test.verteco.app\/index.php?rest_route=\/wp\/v2\/product\/10533","targetHints":{"allow":["GET"]}}],"collection":[{"href":"https:\/\/aramiso-test.verteco.app\/index.php?rest_route=\/wp\/v2\/product"}],"about":[{"href":"https:\/\/aramiso-test.verteco.app\/index.php?rest_route=\/wp\/v2\/types\/product"}],"replies":[{"embeddable":true,"href":"https:\/\/aramiso-test.verteco.app\/index.php?rest_route=%2Fwp%2Fv2%2Fcomments&post=10533"}],"wp:attachment":[{"href":"https:\/\/aramiso-test.verteco.app\/index.php?rest_route=%2Fwp%2Fv2%2Fmedia&parent=10533"}],"wp:term":[{"taxonomy":"product_brand","embeddable":true,"href":"https:\/\/aramiso-test.verteco.app\/index.php?rest_route=%2Fwp%2Fv2%2Fproduct_brand&post=10533"},{"taxonomy":"product_cat","embeddable":true,"href":"https:\/\/aramiso-test.verteco.app\/index.php?rest_route=%2Fwp%2Fv2%2Fproduct_cat&post=10533"},{"taxonomy":"product_tag","embeddable":true,"href":"https:\/\/aramiso-test.verteco.app\/index.php?rest_route=%2Fwp%2Fv2%2Fproduct_tag&post=10533"}],"curies":[{"name":"wp","href":"https:\/\/api.w.org\/{rel}","templated":true}]}}