{"id":10388,"date":"2025-08-03T12:16:02","date_gmt":"2025-08-03T12:16:02","guid":{"rendered":"https:\/\/aramiso-test.verteco.app\/?product=rollkit-pohon-pre-dvojkridlovu-branu-sada-s-fotobunkami"},"modified":"2025-08-03T12:16:25","modified_gmt":"2025-08-03T12:16:25","slug":"rollkit-pohon-pre-dvojkridlovu-branu-sada-s-fotobunkami","status":"publish","type":"product","link":"https:\/\/aramiso-test.verteco.app\/?product=rollkit-pohon-pre-dvojkridlovu-branu-sada-s-fotobunkami","title":{"rendered":"ROLLKIT pohon pre dvojkr\u00eddlov\u00fa br\u00e1nu, sada s fotobunkami"},"content":{"rendered":"<p>Pohon ROLLKIT pre dvojkr\u00eddlov\u00e9 br\u00e1ny s mo\u017enos\u0165ou ovl\u00e1dania mobiln\u00fdm zariaden\u00edm, Pohon obsahuje elektroniku CUW-24S s roz\u0161\u00edren\u00fdmi funkciami a SMARTBOX1-WIFI pre spojenie elektroniky pohonu s dom\u00e1cou wifi sie\u0165ou. Mo\u017enos\u0165 pripojenia IP kamery a wifi zvon\u010deka.<\/p>\n<p><iframe src=\"https:\/\/www.youtube.com\/embed\/F0pa4fS6Jxo?si=l6SAEoAEDN7E8qMx\" height=\"315\" width=\"560\"><\/iframe><\/p>\n","protected":false},"excerpt":{"rendered":"<p>Zna\u010dka: Rollkit, Max. d\u013a\u017eka kr\u00eddla: 2,5m, Hmotnos\u0165 kr\u00eddla (odpor\u00fa\u010dan\u00e1): 100kg, Frekvencia (MHz): 433, Koncov\u00fd doraz: Potrebn\u00e9 dorazy pre otvoren\u00fa aj zatvoren\u00fa polohu, WIFI pripojenie: \u00c1no, Typ k\u00f3du: Rolling, Spomalenie motora: Spoma\u013euje pred koncov\u00fdmi polohami, Nap\u00e1janie motora: DC 24V, Sila: 2000N, Nap\u00e1janie: AC 230V, Typ: \u0161nekov\u00e9, Riadiaca jednotka: CUW-24S<\/p>\n","protected":false},"featured_media":0,"comment_status":"closed","ping_status":"open","template":"","meta":[],"product_brand":[],"product_cat":[15],"product_tag":[],"class_list":{"0":"post-10388","1":"product","2":"type-product","3":"status-publish","5":"product_cat-uncategorized","7":"first","8":"onbackorder","9":"sale","10":"purchasable","11":"product-type-simple"},"_links":{"self":[{"href":"https:\/\/aramiso-test.verteco.app\/index.php?rest_route=\/wp\/v2\/product\/10388","targetHints":{"allow":["GET"]}}],"collection":[{"href":"https:\/\/aramiso-test.verteco.app\/index.php?rest_route=\/wp\/v2\/product"}],"about":[{"href":"https:\/\/aramiso-test.verteco.app\/index.php?rest_route=\/wp\/v2\/types\/product"}],"replies":[{"embeddable":true,"href":"https:\/\/aramiso-test.verteco.app\/index.php?rest_route=%2Fwp%2Fv2%2Fcomments&post=10388"}],"wp:attachment":[{"href":"https:\/\/aramiso-test.verteco.app\/index.php?rest_route=%2Fwp%2Fv2%2Fmedia&parent=10388"}],"wp:term":[{"taxonomy":"product_brand","embeddable":true,"href":"https:\/\/aramiso-test.verteco.app\/index.php?rest_route=%2Fwp%2Fv2%2Fproduct_brand&post=10388"},{"taxonomy":"product_cat","embeddable":true,"href":"https:\/\/aramiso-test.verteco.app\/index.php?rest_route=%2Fwp%2Fv2%2Fproduct_cat&post=10388"},{"taxonomy":"product_tag","embeddable":true,"href":"https:\/\/aramiso-test.verteco.app\/index.php?rest_route=%2Fwp%2Fv2%2Fproduct_tag&post=10388"}],"curies":[{"name":"wp","href":"https:\/\/api.w.org\/{rel}","templated":true}]}}