{"id":10373,"date":"2025-10-26T12:24:59","date_gmt":"2025-10-26T12:24:59","guid":{"rendered":"https:\/\/aramiso-test.verteco.app\/?product=came-pohon-pre-kridlovu-branu"},"modified":"2025-10-26T12:25:01","modified_gmt":"2025-10-26T12:25:01","slug":"came-pohon-pre-kridlovu-branu","status":"publish","type":"product","link":"https:\/\/aramiso-test.verteco.app\/?product=came-pohon-pre-kridlovu-branu","title":{"rendered":"CAME pohon pre kr\u00eddlov\u00fa br\u00e1nu"},"content":{"rendered":"<p>Mo\u017enos\u0165 kotvi\u0165 pohon na \u0161irok\u00fd st\u013apik, vzdialenos\u0165 osi p\u00e1ntu kr\u00eddla br\u00e1ny po hranu stlpika m\u00f4\u017ee by\u0165 a\u017e 200mm.<\/p>\n","protected":false},"excerpt":{"rendered":"<p>Zna\u010dka: Came, Max. d\u013a\u017eka kr\u00eddla: 5m, Hmotnos\u0165 kr\u00eddla (odpor\u00fa\u010dan\u00e1): 200kg, Koncov\u00fd doraz: Koncov\u00e9 dorazy nie s\u00fa potrebn\u00e9, Obsah zostavy: ATS50AGS, Nap\u00e1janie motora: AC 230V, V\u00fdkon: 250W, Sila: 400-3000N, R\u00fdchlos\u0165: 90\u00b0 &#8211; 20s, Typ: \u0161nekov\u00e9, Kondenz\u00e1tor: 10uF<\/p>\n","protected":false},"featured_media":0,"comment_status":"closed","ping_status":"open","template":"","meta":[],"product_brand":[],"product_cat":[15],"product_tag":[],"class_list":{"0":"post-10373","1":"product","2":"type-product","3":"status-publish","5":"product_cat-uncategorized","7":"first","8":"instock","9":"sale","10":"purchasable","11":"product-type-simple"},"_links":{"self":[{"href":"https:\/\/aramiso-test.verteco.app\/index.php?rest_route=\/wp\/v2\/product\/10373","targetHints":{"allow":["GET"]}}],"collection":[{"href":"https:\/\/aramiso-test.verteco.app\/index.php?rest_route=\/wp\/v2\/product"}],"about":[{"href":"https:\/\/aramiso-test.verteco.app\/index.php?rest_route=\/wp\/v2\/types\/product"}],"replies":[{"embeddable":true,"href":"https:\/\/aramiso-test.verteco.app\/index.php?rest_route=%2Fwp%2Fv2%2Fcomments&post=10373"}],"wp:attachment":[{"href":"https:\/\/aramiso-test.verteco.app\/index.php?rest_route=%2Fwp%2Fv2%2Fmedia&parent=10373"}],"wp:term":[{"taxonomy":"product_brand","embeddable":true,"href":"https:\/\/aramiso-test.verteco.app\/index.php?rest_route=%2Fwp%2Fv2%2Fproduct_brand&post=10373"},{"taxonomy":"product_cat","embeddable":true,"href":"https:\/\/aramiso-test.verteco.app\/index.php?rest_route=%2Fwp%2Fv2%2Fproduct_cat&post=10373"},{"taxonomy":"product_tag","embeddable":true,"href":"https:\/\/aramiso-test.verteco.app\/index.php?rest_route=%2Fwp%2Fv2%2Fproduct_tag&post=10373"}],"curies":[{"name":"wp","href":"https:\/\/api.w.org\/{rel}","templated":true}]}}