{"id":10342,"date":"2025-08-03T12:14:41","date_gmt":"2025-08-03T12:14:41","guid":{"rendered":"https:\/\/aramiso-test.verteco.app\/?product=montazny-set-pre-nylonove-hrebene-h-01pvc-j"},"modified":"2025-08-03T12:14:45","modified_gmt":"2025-08-03T12:14:45","slug":"montazny-set-pre-nylonove-hrebene-h-01pvc-j","status":"publish","type":"product","link":"https:\/\/aramiso-test.verteco.app\/?product=montazny-set-pre-nylonove-hrebene-h-01pvc-j","title":{"rendered":"Mont\u00e1\u017eny set pre nylonov\u00e9 hrebene H\/01PVC-J"},"content":{"rendered":"<p>Mont\u00e1\u017eny set pre ozuben\u00e9 nylonov\u00e9 hrebene H\/01PVC-J-BS pre posuvn\u00e9 br\u00e1ny. Set = 4x DIN 7504K-6,3&#215;32 + 4x DIN 440R-6,6<\/p>\n","protected":false},"excerpt":{"rendered":"<p>Materi\u00e1l: Oce\u013e, Povrchov\u00e1 \u00faprava: Zinok<\/p>\n","protected":false},"featured_media":0,"comment_status":"closed","ping_status":"open","template":"","meta":[],"product_brand":[],"product_cat":[15],"product_tag":[],"class_list":{"0":"post-10342","1":"product","2":"type-product","3":"status-publish","5":"product_cat-uncategorized","7":"first","8":"onbackorder","9":"sale","10":"purchasable","11":"product-type-simple"},"_links":{"self":[{"href":"https:\/\/aramiso-test.verteco.app\/index.php?rest_route=\/wp\/v2\/product\/10342","targetHints":{"allow":["GET"]}}],"collection":[{"href":"https:\/\/aramiso-test.verteco.app\/index.php?rest_route=\/wp\/v2\/product"}],"about":[{"href":"https:\/\/aramiso-test.verteco.app\/index.php?rest_route=\/wp\/v2\/types\/product"}],"replies":[{"embeddable":true,"href":"https:\/\/aramiso-test.verteco.app\/index.php?rest_route=%2Fwp%2Fv2%2Fcomments&post=10342"}],"wp:attachment":[{"href":"https:\/\/aramiso-test.verteco.app\/index.php?rest_route=%2Fwp%2Fv2%2Fmedia&parent=10342"}],"wp:term":[{"taxonomy":"product_brand","embeddable":true,"href":"https:\/\/aramiso-test.verteco.app\/index.php?rest_route=%2Fwp%2Fv2%2Fproduct_brand&post=10342"},{"taxonomy":"product_cat","embeddable":true,"href":"https:\/\/aramiso-test.verteco.app\/index.php?rest_route=%2Fwp%2Fv2%2Fproduct_cat&post=10342"},{"taxonomy":"product_tag","embeddable":true,"href":"https:\/\/aramiso-test.verteco.app\/index.php?rest_route=%2Fwp%2Fv2%2Fproduct_tag&post=10342"}],"curies":[{"name":"wp","href":"https:\/\/api.w.org\/{rel}","templated":true}]}}