{"id":10323,"date":"2025-08-03T12:14:30","date_gmt":"2025-08-03T12:14:30","guid":{"rendered":"https:\/\/aramiso-test.verteco.app\/?product=hreben-inox-30x8mm-l1m-max-1900kg"},"modified":"2025-08-03T12:14:35","modified_gmt":"2025-08-03T12:14:35","slug":"hreben-inox-30x8mm-l1m-max-1900kg","status":"publish","type":"product","link":"https:\/\/aramiso-test.verteco.app\/?product=hreben-inox-30x8mm-l1m-max-1900kg","title":{"rendered":"Hrebe\u0148 INOX, 30x8mm, L1m, max 1900kg"},"content":{"rendered":"<p>Ozuben\u00fd nerezov\u00fd hrebe\u0148 pre posuvn\u00e9 br\u00e1ny. Dod\u00e1van\u00fd s tromi \u00fachytmi a skrutkami pre upevnenie hrebe\u0148a.<\/p>\n","protected":false},"excerpt":{"rendered":"<p>Materi\u00e1l: Nerez AISI 304, Zna\u010dka: Umakov, Hmotnos\u0165 br\u00e1ny Gmax\/Goptimal (kg): 1200, b: 8<\/p>\n","protected":false},"featured_media":0,"comment_status":"closed","ping_status":"open","template":"","meta":[],"product_brand":[],"product_cat":[15],"product_tag":[],"class_list":{"0":"post-10323","1":"product","2":"type-product","3":"status-publish","5":"product_cat-uncategorized","7":"first","8":"onbackorder","9":"sale","10":"purchasable","11":"product-type-simple"},"_links":{"self":[{"href":"https:\/\/aramiso-test.verteco.app\/index.php?rest_route=\/wp\/v2\/product\/10323","targetHints":{"allow":["GET"]}}],"collection":[{"href":"https:\/\/aramiso-test.verteco.app\/index.php?rest_route=\/wp\/v2\/product"}],"about":[{"href":"https:\/\/aramiso-test.verteco.app\/index.php?rest_route=\/wp\/v2\/types\/product"}],"replies":[{"embeddable":true,"href":"https:\/\/aramiso-test.verteco.app\/index.php?rest_route=%2Fwp%2Fv2%2Fcomments&post=10323"}],"wp:attachment":[{"href":"https:\/\/aramiso-test.verteco.app\/index.php?rest_route=%2Fwp%2Fv2%2Fmedia&parent=10323"}],"wp:term":[{"taxonomy":"product_brand","embeddable":true,"href":"https:\/\/aramiso-test.verteco.app\/index.php?rest_route=%2Fwp%2Fv2%2Fproduct_brand&post=10323"},{"taxonomy":"product_cat","embeddable":true,"href":"https:\/\/aramiso-test.verteco.app\/index.php?rest_route=%2Fwp%2Fv2%2Fproduct_cat&post=10323"},{"taxonomy":"product_tag","embeddable":true,"href":"https:\/\/aramiso-test.verteco.app\/index.php?rest_route=%2Fwp%2Fv2%2Fproduct_tag&post=10323"}],"curies":[{"name":"wp","href":"https:\/\/api.w.org\/{rel}","templated":true}]}}