{"id":10173,"date":"2025-10-26T12:23:02","date_gmt":"2025-10-26T12:23:02","guid":{"rendered":"https:\/\/aramiso-test.verteco.app\/?product=uhlie-kovacske-balenie-25kg"},"modified":"2025-10-26T12:23:03","modified_gmt":"2025-10-26T12:23:03","slug":"uhlie-kovacske-balenie-25kg","status":"publish","type":"product","link":"https:\/\/aramiso-test.verteco.app\/?product=uhlie-kovacske-balenie-25kg","title":{"rendered":"Uhlie kov\u00e1\u010dske, balenie 25kg"},"content":{"rendered":"<p>Kvalitn\u00e9 vysoko v\u00fdhrevn\u00e9 uhlie pre kov\u00e1\u010dov overen\u00e9 v re\u00e1lnej prev\u00e1dzke.<br \/>\nParametre:<br \/>\nzrnitos\u0165: 8-31,5 mm<br \/>\nv\u00fdhrevnos\u0165: min. 30 MJ\/kg<br \/>\nobsah popola: 6%<br \/>\nobsah vody: 4%<br \/>\nobsah s\u00edry: 0,6 %<\/p>\n","protected":false},"excerpt":{"rendered":"<p>Kvalitn\u00e9 vysoko v\u00fdhrevn\u00e9 uhlie pre kov\u00e1\u010dov overen\u00e9 v re\u00e1lnej prev\u00e1dzke. Parametre: zrnitos\u0165: 8-31,5 mm v\u00fdhrevnos\u0165: min. 30 MJ\/kg obsah popola: 6% obsah vody: 4% obsah s\u00edry: 0,6 %<\/p>\n","protected":false},"featured_media":0,"comment_status":"closed","ping_status":"open","template":"","meta":[],"product_brand":[],"product_cat":[15],"product_tag":[],"class_list":{"0":"post-10173","1":"product","2":"type-product","3":"status-publish","5":"product_cat-uncategorized","7":"first","8":"instock","9":"sale","10":"purchasable","11":"product-type-simple"},"_links":{"self":[{"href":"https:\/\/aramiso-test.verteco.app\/index.php?rest_route=\/wp\/v2\/product\/10173","targetHints":{"allow":["GET"]}}],"collection":[{"href":"https:\/\/aramiso-test.verteco.app\/index.php?rest_route=\/wp\/v2\/product"}],"about":[{"href":"https:\/\/aramiso-test.verteco.app\/index.php?rest_route=\/wp\/v2\/types\/product"}],"replies":[{"embeddable":true,"href":"https:\/\/aramiso-test.verteco.app\/index.php?rest_route=%2Fwp%2Fv2%2Fcomments&post=10173"}],"wp:attachment":[{"href":"https:\/\/aramiso-test.verteco.app\/index.php?rest_route=%2Fwp%2Fv2%2Fmedia&parent=10173"}],"wp:term":[{"taxonomy":"product_brand","embeddable":true,"href":"https:\/\/aramiso-test.verteco.app\/index.php?rest_route=%2Fwp%2Fv2%2Fproduct_brand&post=10173"},{"taxonomy":"product_cat","embeddable":true,"href":"https:\/\/aramiso-test.verteco.app\/index.php?rest_route=%2Fwp%2Fv2%2Fproduct_cat&post=10173"},{"taxonomy":"product_tag","embeddable":true,"href":"https:\/\/aramiso-test.verteco.app\/index.php?rest_route=%2Fwp%2Fv2%2Fproduct_tag&post=10173"}],"curies":[{"name":"wp","href":"https:\/\/api.w.org\/{rel}","templated":true}]}}