{"id":10152,"date":"2025-08-03T12:10:26","date_gmt":"2025-08-03T12:10:26","guid":{"rendered":"https:\/\/aramiso-test.verteco.app\/?product=matica-v-klietke-typ-smg-nerezova-m12"},"modified":"2025-08-03T12:10:38","modified_gmt":"2025-08-03T12:10:38","slug":"matica-v-klietke-typ-smg-nerezova-m12","status":"publish","type":"product","link":"https:\/\/aramiso-test.verteco.app\/?product=matica-v-klietke-typ-smg-nerezova-m12","title":{"rendered":"Matica v klietke typ SMG, nerezov\u00e1, M12"},"content":{"rendered":"<p>Klietkov\u00e1 matica sa prim\u00e1rne pou\u017e\u00edva v priemyseln\u00fdch odvetviach vo v\u00fdrobe ale aj v IT a telekomunik\u00e1ciach.<br \/>\nFlexibilita klietky umo\u017e\u0148uje mierne \u00fapravy, v\u010faka \u010domu s\u00fa praktick\u00e9 na zarovnanie komponentov po\u010das in\u0161tal\u00e1cie.<br \/>\nKlietka z pru\u017einovej ocele sa zas\u00fava do \u0161tvorcov\u00fdch otvorov bez \u010fal\u0161\u00edch n\u00e1strojov. Skrutka sa potom m\u00f4\u017ee zaskrutkova\u0165 do matice, aby dr\u017eala zariadenie na mieste.<\/p>\n","protected":false},"excerpt":{"rendered":"<p>Materi\u00e1l: Nerez AISI 304, M: 12<\/p>\n","protected":false},"featured_media":0,"comment_status":"closed","ping_status":"open","template":"","meta":[],"product_brand":[],"product_cat":[15],"product_tag":[],"class_list":{"0":"post-10152","1":"product","2":"type-product","3":"status-publish","5":"product_cat-uncategorized","7":"first","8":"onbackorder","9":"purchasable","10":"product-type-simple"},"_links":{"self":[{"href":"https:\/\/aramiso-test.verteco.app\/index.php?rest_route=\/wp\/v2\/product\/10152","targetHints":{"allow":["GET"]}}],"collection":[{"href":"https:\/\/aramiso-test.verteco.app\/index.php?rest_route=\/wp\/v2\/product"}],"about":[{"href":"https:\/\/aramiso-test.verteco.app\/index.php?rest_route=\/wp\/v2\/types\/product"}],"replies":[{"embeddable":true,"href":"https:\/\/aramiso-test.verteco.app\/index.php?rest_route=%2Fwp%2Fv2%2Fcomments&post=10152"}],"wp:attachment":[{"href":"https:\/\/aramiso-test.verteco.app\/index.php?rest_route=%2Fwp%2Fv2%2Fmedia&parent=10152"}],"wp:term":[{"taxonomy":"product_brand","embeddable":true,"href":"https:\/\/aramiso-test.verteco.app\/index.php?rest_route=%2Fwp%2Fv2%2Fproduct_brand&post=10152"},{"taxonomy":"product_cat","embeddable":true,"href":"https:\/\/aramiso-test.verteco.app\/index.php?rest_route=%2Fwp%2Fv2%2Fproduct_cat&post=10152"},{"taxonomy":"product_tag","embeddable":true,"href":"https:\/\/aramiso-test.verteco.app\/index.php?rest_route=%2Fwp%2Fv2%2Fproduct_tag&post=10152"}],"curies":[{"name":"wp","href":"https:\/\/api.w.org\/{rel}","templated":true}]}}