{"id":10138,"date":"2025-08-03T12:10:26","date_gmt":"2025-08-03T12:10:26","guid":{"rendered":"https:\/\/aramiso-test.verteco.app\/?product=zavitova-tyc-nerezova-aisi316-pravy-lavy-zavit-m6"},"modified":"2025-08-03T12:10:28","modified_gmt":"2025-08-03T12:10:28","slug":"zavitova-tyc-nerezova-aisi316-pravy-lavy-zavit-m6","status":"publish","type":"product","link":"https:\/\/aramiso-test.verteco.app\/?product=zavitova-tyc-nerezova-aisi316-pravy-lavy-zavit-m6","title":{"rendered":"Z\u00e1vitov\u00e1 ty\u010d, nerezov\u00e1 AISI316 &#8211; prav\u00fd\/\u013eav\u00fd z\u00e1vit M6"},"content":{"rendered":"<p>Z\u00e1vitov\u00e9 ty\u010de s prav\u00fdm a \u013eav\u00fdm z\u00e1vitom s\u00fa neocenite\u013en\u00e9 komponenty v syst\u00e9moch vy\u017eaduj\u00facich presn\u00e9 nastavenie a spo\u013eahliv\u00e9 nap\u00ednanie. V\u010faka svojmu jedine\u010dn\u00e9mu dizajnu s\u00fa vhodn\u00e9 pre r\u00f4zne aplik\u00e1cie vo viacer\u00fdch odvetviach, pri\u010dom zais\u0165uj\u00fa stabilitu, presnos\u0165 a jednoduch\u00e9 pou\u017eitie.<br \/>\nPou\u017e\u00edvaj\u00fa sa najm\u00e4 ako nap\u00edna\u010de na nastavenie nap\u00e4tia v lan\u00e1ch a spojovac\u00edch ty\u010diach. Telo nap\u00edna\u010da m\u00e1 jeden koniec s prav\u00fdm z\u00e1vitom a druh\u00fd s \u013eav\u00fdm z\u00e1vitom. Ot\u00e1\u010danie tela sp\u00f4sob\u00ed, \u017ee sa obidva konce posun\u00fa bu\u010f bli\u017e\u0161ie k sebe, alebo \u010falej od seba, \u010d\u00edm sa nastav\u00ed nap\u00e4tie bez kr\u00fatenia pripojen\u00fdch k\u00e1blov.<br \/>\nPodobne ako nap\u00edna\u010de sa pou\u017e\u00edvaj\u00fa v aplik\u00e1ci\u00e1ch, ako je v\u00fdstroj, oplotenie a \u0161truktur\u00e1lne vystu\u017eenie na aplikovanie nap\u00e4tia a udr\u017eanie stability.<\/p>\n","protected":false},"excerpt":{"rendered":"<p>Materi\u00e1l: Nerez AISI 316, Povrchov\u00e1 \u00faprava: Natural, L: 65, M: M6 right \/ M6 left, a: 30, b: 30<\/p>\n","protected":false},"featured_media":0,"comment_status":"closed","ping_status":"open","template":"","meta":[],"product_brand":[],"product_cat":[15],"product_tag":[],"class_list":{"0":"post-10138","1":"product","2":"type-product","3":"status-publish","5":"product_cat-uncategorized","7":"first","8":"onbackorder","9":"sale","10":"purchasable","11":"product-type-simple"},"_links":{"self":[{"href":"https:\/\/aramiso-test.verteco.app\/index.php?rest_route=\/wp\/v2\/product\/10138","targetHints":{"allow":["GET"]}}],"collection":[{"href":"https:\/\/aramiso-test.verteco.app\/index.php?rest_route=\/wp\/v2\/product"}],"about":[{"href":"https:\/\/aramiso-test.verteco.app\/index.php?rest_route=\/wp\/v2\/types\/product"}],"replies":[{"embeddable":true,"href":"https:\/\/aramiso-test.verteco.app\/index.php?rest_route=%2Fwp%2Fv2%2Fcomments&post=10138"}],"wp:attachment":[{"href":"https:\/\/aramiso-test.verteco.app\/index.php?rest_route=%2Fwp%2Fv2%2Fmedia&parent=10138"}],"wp:term":[{"taxonomy":"product_brand","embeddable":true,"href":"https:\/\/aramiso-test.verteco.app\/index.php?rest_route=%2Fwp%2Fv2%2Fproduct_brand&post=10138"},{"taxonomy":"product_cat","embeddable":true,"href":"https:\/\/aramiso-test.verteco.app\/index.php?rest_route=%2Fwp%2Fv2%2Fproduct_cat&post=10138"},{"taxonomy":"product_tag","embeddable":true,"href":"https:\/\/aramiso-test.verteco.app\/index.php?rest_route=%2Fwp%2Fv2%2Fproduct_tag&post=10138"}],"curies":[{"name":"wp","href":"https:\/\/api.w.org\/{rel}","templated":true}]}}